{"id":2463,"date":"2025-11-17T16:28:03","date_gmt":"2025-11-17T15:28:03","guid":{"rendered":"https:\/\/audioguide-paris.com\/?page_id=2463"},"modified":"2026-04-03T10:17:52","modified_gmt":"2026-04-03T08:17:52","slug":"montmartre-2","status":"publish","type":"page","link":"https:\/\/audioguide-paris.com\/index.php\/montmartre-2\/","title":{"rendered":"Montmartre"},"content":{"rendered":"<div data-colibri-id=\"2463-c1\" class=\"style-1158 style-local-2463-c1 position-relative\">\r\n  <!---->\r\n  <div data-colibri-component=\"section\" data-colibri-id=\"2463-c2\" id=\"overlappable\" class=\"h-section h-section-global-spacing d-flex align-items-lg-center align-items-md-center align-items-center style-1159 style-local-2463-c2 position-relative\">\r\n    <!---->\r\n    <!---->\r\n    <div class=\"h-section-grid-container h-section-boxed-container\">\r\n      <!---->\r\n      <div data-colibri-id=\"2463-c18\" class=\"h-row-container gutters-row-lg-2 gutters-row-md-2 gutters-row-0 gutters-row-v-lg-2 gutters-row-v-md-2 gutters-row-v-2 style-2252 style-local-2463-c18 position-relative\">\r\n        <!---->\r\n        <div class=\"h-row justify-content-lg-center justify-content-md-center justify-content-center align-items-lg-stretch align-items-md-stretch align-items-stretch gutters-col-lg-2 gutters-col-md-2 gutters-col-0 gutters-col-v-lg-2 gutters-col-v-md-2 gutters-col-v-2\">\r\n          <!---->\r\n          <div class=\"h-column h-column-container d-flex h-col-lg-auto h-col-md-auto h-col-auto style-2253-outer style-local-2463-c19-outer\">\r\n            <div data-colibri-id=\"2463-c19\" class=\"d-flex h-flex-basis h-column__inner h-ui-empty-state-container h-px-lg-2 h-px-md-2 h-px-2 v-inner-lg-2 v-inner-md-2 v-inner-2 style-2253 style-local-2463-c19 position-relative\">\r\n              <!---->\r\n              <!---->\r\n              <div class=\"w-100 h-y-container h-column__content h-column__v-align flex-basis-100\">\r\n                <!---->\r\n              <\/div>\r\n            <\/div>\r\n          <\/div>\r\n        <\/div>\r\n      <\/div>\r\n      <div data-colibri-id=\"2463-c3\" class=\"h-row-container gutters-row-lg-0 gutters-row-md-0 gutters-row-0 gutters-row-v-lg-0 gutters-row-v-md-0 gutters-row-v-0 style-1160 style-local-2463-c3 position-relative\">\r\n        <!---->\r\n        <div class=\"h-row justify-content-lg-center justify-content-md-center justify-content-center align-items-lg-stretch align-items-md-stretch align-items-stretch gutters-col-lg-0 gutters-col-md-0 gutters-col-0 gutters-col-v-lg-0 gutters-col-v-md-0 gutters-col-v-0\">\r\n          <!---->\r\n          <div class=\"h-column h-column-container d-flex h-col-lg-auto h-col-md-auto h-col-auto style-1161-outer style-local-2463-c4-outer\">\r\n            <div data-colibri-id=\"2463-c4\" class=\"d-flex h-flex-basis h-column__inner h-ui-empty-state-container h-px-lg-0 h-px-md-0 h-px-0 v-inner-lg-0 v-inner-md-0 v-inner-0 style-1161 style-local-2463-c4 position-relative\">\r\n              <!---->\r\n              <!---->\r\n              <div class=\"w-100 h-y-container h-column__content h-column__v-align flex-basis-100\">\r\n                <!---->\r\n              <\/div>\r\n            <\/div>\r\n          <\/div>\r\n          <div class=\"h-column h-column-container d-flex h-col-lg-auto h-col-md-auto h-col-auto style-1162-outer style-local-2463-c5-outer\">\r\n            <div data-colibri-id=\"2463-c5\" class=\"d-flex h-flex-basis h-column__inner h-px-lg-2 h-px-md-2 h-px-2 v-inner-lg-2 v-inner-md-2 v-inner-2 style-1162 style-local-2463-c5 position-relative\">\r\n              <!---->\r\n              <!---->\r\n              <div class=\"w-100 h-y-container h-column__content h-column__v-align flex-basis-100 align-self-lg-center align-self-md-center align-self-center\">\r\n                <!---->\r\n                <div data-colibri-id=\"2463-c6\" class=\"h-global-transition-all h-heading style-1163 style-local-2463-c6 position-relative h-element\">\r\n                  <!---->\r\n                  <div class=\"h-heading__outer style-1163 style-local-2463-c6\">\r\n                    <!---->\r\n                    <!---->\r\n                    <h4 class=\"\">Secrets et l\u00e9gendes d\u2019un village Parisien<\/h4>\r\n                  <\/div>\r\n                <\/div>\r\n                <div data-colibri-id=\"2463-c20\" class=\"h-text h-text-component style-1164 style-local-2463-c20 position-relative h-element\">\r\n                  <!---->\r\n                  <!---->\r\n                  <div class=\"\">\r\n                    <p>Et si vous quittiez la file du funiculaire pour d\u00e9couvrir un autre Montmartre : celui des cabarets boh\u00e9miens, des vignes cach\u00e9es, des r\u00e9sistantes oubli\u00e9es et des meuniers assassin\u00e9s ? Du Lapin Agile au Moulin de la Galette, du buste\r\n                      de Dalida au Bateau-Lavoir, cette balade audio vous entra\u00eene dans un Montmartre de l\u00e9gendes, bien loin des simples cartes postales du Sacr\u00e9-C\u0153ur.<\/p>\r\n                    <p>Au d\u00e9tour d\u2019une rue pav\u00e9e, vous tombez sur le Lapin Agile et ses chansons d\u2019artistes fauch\u00e9s, puis sur les vignes de Montmartre, dernier vignoble de Paris : vous d\u00e9couvrirez comment ce bout de colline a surv\u00e9cu aux promoteurs\u2026 et ce\r\n                      que cache vraiment la f\u00eate des vendanges. Plus loin, la rue de l\u2019Abreuvoir et le buste de Dalida deviennent le d\u00e9cor d\u2019histoires d\u2019amour, de gloire et de drames : on vous raconte pourquoi certains viennent toucher la statue \u00ab pour\r\n                      la chance \u00bb\u2026 et pourquoi d\u2019autres s\u2019en gardent bien.<\/p>\r\n                  <\/div>\r\n                <\/div>\r\n              <\/div>\r\n            <\/div>\r\n          <\/div>\r\n          <div class=\"h-column h-column-container d-flex h-col-lg-auto h-col-md-auto h-col-auto style-1162-outer style-local-2463-c8-outer\">\r\n            <div data-colibri-id=\"2463-c8\" class=\"d-flex h-flex-basis h-column__inner h-px-lg-2 h-px-md-2 h-px-2 v-inner-lg-2 v-inner-md-2 v-inner-2 style-1162 style-local-2463-c8 position-relative\">\r\n              <!---->\r\n              <!---->\r\n              <div class=\"w-100 h-y-container h-column__content h-column__v-align flex-basis-100 align-self-lg-center align-self-md-center align-self-center\">\r\n                <!---->\r\n                <div data-colibri-id=\"2463-c9\" class=\"h-text h-text-component style-1164 style-local-2463-c9 position-relative h-element\">\r\n                  <!---->\r\n                  <!---->\r\n                  <div class=\"\">\r\n                    <p>La balade vous fait ensuite passer des h\u00e9ro\u00efnes aux saints et aux fant\u00f4mes : square Suzanne Buisson, r\u00e9sistante d\u00e9port\u00e9e \u00e0 Auschwitz ; statue de saint Denis, \u00e9v\u00eaque d\u00e9capit\u00e9 cens\u00e9 avoir march\u00e9 la t\u00eate sous le bras ; Passe-Muraille\r\n                      de Marcel Aym\u00e9, fonctionnaire banal devenu voleur g\u00e9nial\u2026 coinc\u00e9 pour l\u2019\u00e9ternit\u00e9 dans un mur de Montmartre. L\u2019audio vous r\u00e9v\u00e8le les histoires vraies, les l\u00e9gendes, et l\u00e0 o\u00f9 elles se superposent dans le quartier.<\/p>\r\n                    <p>En descendant vers la rue Lepic et le Moulin de la Galette, vous d\u00e9couvrez comment un simple moulin de campagne est devenu guinguette d\u2019artistes, immortalis\u00e9e par Renoir\u2026 apr\u00e8s un \u00e9pisode de guerre atroce qui s\u2019est termin\u00e9 en corps\r\n                      d\u00e9membr\u00e9 accroch\u00e9 aux ailes du moulin. Un peu plus loin, la rue d\u2019Orchampt et la place \u00c9mile-Goudeau vous ram\u00e8nent au temps du Bateau-Lavoir, o\u00f9 Picasso, Modigliani ou Django Reinhardt r\u00e9inventent la peinture et la musique dans des\r\n                      chambres minuscules.<\/p>\r\n                    <p>La promenade se termine au jardin des Abbesses, havre de calme plant\u00e9 de plantes m\u00e9dicinales, sur les traces des anciennes religieuses de Montmartre. Un dr\u00f4le de contraste apr\u00e8s les cabarets, les meuniers sanguinaires, les artistes\r\n                      maudits et les l\u00e9gendes de saints qui marchent d\u00e9capit\u00e9s\u2026 mais c\u2019est aussi \u00e7a, Montmartre.<\/p>\r\n                  <\/div>\r\n                <\/div>\r\n              <\/div>\r\n            <\/div>\r\n          <\/div>\r\n          <div class=\"h-column h-column-container d-flex h-col-lg-auto h-col-md-auto h-col-auto style-1167-outer style-local-2463-c17-outer\">\r\n            <div data-colibri-id=\"2463-c17\" class=\"d-flex h-flex-basis h-column__inner h-ui-empty-state-container h-px-lg-0 h-px-md-0 h-px-0 v-inner-lg-0 v-inner-md-0 v-inner-0 style-1167 style-local-2463-c17 position-relative\">\r\n              <!---->\r\n              <!---->\r\n              <div class=\"w-100 h-y-container h-column__content h-column__v-align flex-basis-100\">\r\n                <!---->\r\n              <\/div>\r\n            <\/div>\r\n          <\/div>\r\n        <\/div>\r\n      <\/div>\r\n      <div data-colibri-id=\"2463-c21\" class=\"h-row-container gutters-row-lg-2 gutters-row-md-2 gutters-row-0 gutters-row-v-lg-2 gutters-row-v-md-2 gutters-row-v-2 style-2254 style-local-2463-c21 position-relative\">\r\n        <!---->\r\n        <div class=\"h-row justify-content-lg-center justify-content-md-center justify-content-center align-items-lg-stretch align-items-md-stretch align-items-stretch gutters-col-lg-2 gutters-col-md-2 gutters-col-0 gutters-col-v-lg-2 gutters-col-v-md-2 gutters-col-v-2\">\r\n          <!---->\r\n          <div class=\"h-column h-column-container d-flex h-col-lg-auto h-col-md-auto h-col-auto style-2255-outer style-local-2463-c22-outer\">\r\n            <div data-colibri-id=\"2463-c22\" class=\"d-flex h-flex-basis h-column__inner h-px-lg-2 h-px-md-2 h-px-2 v-inner-lg-2 v-inner-md-2 v-inner-2 style-2255 style-local-2463-c22 position-relative\">\r\n              <!---->\r\n              <!---->\r\n              <div class=\"w-100 h-y-container h-column__content h-column__v-align flex-basis-100 align-self-lg-start align-self-md-start align-self-start\">\r\n                <!---->\r\n                <div data-colibri-id=\"2463-c23\" class=\"h-global-transition-all h-heading style-2256 style-local-2463-c23 position-relative h-element\">\r\n                  <!---->\r\n                  <div class=\"h-heading__outer style-2256 style-local-2463-c23\">\r\n                    <!---->\r\n                    <!---->\r\n                    <h1 class=\"\">Pendant cette visite vous :<\/h1>\r\n                  <\/div>\r\n                <\/div>\r\n                <div data-colibri-id=\"2463-c24\" class=\"h-text h-text-component style-2257 style-local-2463-c24 position-relative h-element\">\r\n                  <!---->\r\n                  <!---->\r\n                  <div class=\"\">\r\n                    <ul>\r\n                      <li>explorez \u00e0 pied Montmartre loin de la foule, entre Lapin Agile, vignes, moulins, ruelles secr\u00e8tes et jardins cach\u00e9s ;\r\n                        <br>\r\n                      <\/li>\r\n                      <li>d\u00e9couvrez des anecdotes \u00e9tonnantes : cabaret d\u2019artistes fauch\u00e9s, meunier d\u00e9membr\u00e9, r\u00e9sistante oubli\u00e9e, saint d\u00e9capit\u00e9, fonctionnaire qui traverse les murs, destins crois\u00e9s de Dalida, Picasso ou Django ;\r\n                        <br>\r\n                      <\/li>\r\n                      <li>profitez de spots photo ultra-photog\u00e9niques : rues pav\u00e9es, vignes de Montmartre, rue de l\u2019Abreuvoir, statues insolites, moulins et vues sur tout Paris ;\r\n                        <br>\r\n                      <\/li>\r\n                      <li>vivez une exp\u00e9rience immersive, vivante et pleine de rebondissements, loin des visites \u00ab catalogue \u00bb qui s\u2019arr\u00eatent au Sacr\u00e9-C\u0153ur.\r\n                        <br>\r\n                      <\/li>\r\n                    <\/ul>\r\n                    <p>Plus qu\u2019une visite, c\u2019est une plong\u00e9e dans l\u2019\u00e2me de Montmartre : populaire, artistique, dr\u00f4le et parfois macabre, toujours romanesque.\r\n                      <br>\r\n                    <\/p>\r\n                    <p><span style=\"font-weight: 600;\">T\u00e9l\u00e9chargez gratuitement l\u2019application Audio Guide Paris et d\u00e9bloquez la balade compl\u00e8te \u00ab Montmartre secret \u00bb \u2014 l\u2019itin\u00e9raire id\u00e9al pour d\u00e9couvrir ce quartier mythique autrement\u2026 et repartir avec des histoires que les autres n\u2019auront jamais entendues.<\/span><\/p>\r\n                  <\/div>\r\n                <\/div>\r\n              <\/div>\r\n            <\/div>\r\n          <\/div>\r\n        <\/div>\r\n      <\/div>\r\n      <div data-colibri-id=\"2463-c25\" class=\"h-row-container gutters-row-lg-2 gutters-row-md-2 gutters-row-0 gutters-row-v-lg-2 gutters-row-v-md-2 gutters-row-v-2 style-1205 style-local-2463-c25 position-relative\">\r\n        <!---->\r\n        <div class=\"h-row justify-content-lg-center justify-content-md-center justify-content-center align-items-lg-stretch align-items-md-stretch align-items-stretch gutters-col-lg-2 gutters-col-md-2 gutters-col-0 gutters-col-v-lg-2 gutters-col-v-md-2 gutters-col-v-2\">\r\n          <!---->\r\n          <div class=\"h-column h-column-container d-flex h-col-lg-auto h-col-md-auto h-col-auto style-1206-outer style-local-2463-c26-outer\">\r\n            <div data-colibri-id=\"2463-c26\" class=\"d-flex h-flex-basis h-column__inner h-px-lg-2 h-px-md-2 h-px-2 v-inner-lg-2 v-inner-md-2 v-inner-2 style-1206 style-local-2463-c26 position-relative\">\r\n              <!---->\r\n              <!---->\r\n              <div class=\"w-100 h-y-container h-column__content h-column__v-align flex-basis-100 align-self-lg-start align-self-md-start align-self-start\">\r\n                <!---->\r\n                <div data-colibri-id=\"2463-c27\" class=\"h-x-container style-1183 style-local-2463-c27 position-relative h-element\">\r\n                  <!---->\r\n                  <div class=\"h-x-container-inner style-dynamic-2463-c27-group style-1183-spacing style-local-2463-c27-spacing\"><span class=\"h-button__outer style-1184-outer style-local-2463-c28-outer d-inline-flex h-element\"><a h-use-smooth-scroll=\"true\" href=\"https:\/\/apps.apple.com\/gr\/app\/audio-guide-paris\/id6471984315\" target=\"_blank\"  data-colibri-id=\"2463-c28\" class=\"d-flex w-100 align-items-center h-button justify-content-lg-center justify-content-md-center justify-content-center style-1184 style-local-2463-c28 position-relative\"><!----><!----> <span>APPLE STORE<\/span><\/a>\r\n                    <\/span>\r\n                  <\/div>\r\n                <\/div>\r\n              <\/div>\r\n            <\/div>\r\n          <\/div>\r\n          <div class=\"h-column h-column-container d-flex h-col-lg-auto h-col-md-auto h-col-auto style-1207-outer style-local-2463-c29-outer\">\r\n            <div data-colibri-id=\"2463-c29\" class=\"d-flex h-flex-basis h-column__inner h-px-lg-2 h-px-md-2 h-px-2 v-inner-lg-2 v-inner-md-2 v-inner-2 style-1207 style-local-2463-c29 position-relative\">\r\n              <!---->\r\n              <!---->\r\n              <div class=\"w-100 h-y-container h-column__content h-column__v-align flex-basis-100 align-self-lg-start align-self-md-start align-self-start\">\r\n                <!---->\r\n                <div data-colibri-id=\"2463-c30\" class=\"h-x-container style-1181 style-local-2463-c30 position-relative h-element\">\r\n                  <!---->\r\n                  <div class=\"h-x-container-inner style-dynamic-2463-c30-group style-1181-spacing style-local-2463-c30-spacing\"><span class=\"h-button__outer style-1182-outer style-local-2463-c31-outer d-inline-flex h-element\"><a h-use-smooth-scroll=\"true\" href=\"https:\/\/play.google.com\/store\/apps\/details?id=com.audioguides_paris\" target=\"_blank\"  data-colibri-id=\"2463-c31\" class=\"d-flex w-100 align-items-center h-button justify-content-lg-center justify-content-md-center justify-content-center style-1182 style-local-2463-c31 position-relative\"><!----><!----> <span>GOOGLE PLAY<\/span><\/a>\r\n                    <\/span>\r\n                  <\/div>\r\n                <\/div>\r\n              <\/div>\r\n            <\/div>\r\n          <\/div>\r\n        <\/div>\r\n      <\/div>\r\n    <\/div>\r\n  <\/div>\r\n<\/div>","protected":false},"excerpt":{"rendered":"<p>Secrets et l\u00e9gendes d\u2019un village Parisien Et si vous quittiez la file du funiculaire pour d\u00e9couvrir un autre Montmartre : celui des cabarets boh\u00e9miens, des vignes cach\u00e9es, des r\u00e9sistantes oubli\u00e9es et des meuniers assassin\u00e9s ? Du Lapin Agile au Moulin de la Galette, du buste de Dalida au Bateau-Lavoir, cette balade audio vous entra\u00eene dans [&hellip;]<\/p>\n","protected":false},"author":1,"featured_media":0,"parent":0,"menu_order":0,"comment_status":"closed","ping_status":"closed","template":"page-templates\/full-width-page.php","meta":{"footnotes":""},"class_list":["post-2463","page","type-page","status-publish","hentry"],"yoast_head":"<!-- This site is optimized with the Yoast SEO plugin v26.6 - https:\/\/yoast.com\/wordpress\/plugins\/seo\/ -->\n<title>Montmartre - Audio Guide Paris<\/title>\n<meta name=\"description\" content=\"Explorez Montmartre secret lors d\u2019une balade audioguid\u00e9e \u00e0 Paris, du Lapin Agile au Moulin de la Galette. Artistes, l\u00e9gendes, vignes, ruelles pav\u00e9es et histoires cach\u00e9es loin du Sacr\u00e9-C\u0153ur.\" \/>\n<meta name=\"robots\" content=\"index, follow, max-snippet:-1, max-image-preview:large, max-video-preview:-1\" \/>\n<link rel=\"canonical\" href=\"https:\/\/audioguide-paris.com\/index.php\/montmartre-2\/\" \/>\n<meta property=\"og:locale\" content=\"fr_FR\" \/>\n<meta property=\"og:type\" content=\"article\" \/>\n<meta property=\"og:title\" content=\"Montmartre - Audio Guide Paris\" \/>\n<meta property=\"og:description\" content=\"Explorez Montmartre secret lors d\u2019une balade audioguid\u00e9e \u00e0 Paris, du Lapin Agile au Moulin de la Galette. Artistes, l\u00e9gendes, vignes, ruelles pav\u00e9es et histoires cach\u00e9es loin du Sacr\u00e9-C\u0153ur.\" \/>\n<meta property=\"og:url\" content=\"https:\/\/audioguide-paris.com\/index.php\/montmartre-2\/\" \/>\n<meta property=\"og:site_name\" content=\"Audio Guide Paris\" \/>\n<meta property=\"article:publisher\" content=\"https:\/\/www.facebook.com\/profile.php?id=61558434027122\" \/>\n<meta property=\"article:modified_time\" content=\"2026-04-03T08:17:52+00:00\" \/>\n<meta name=\"twitter:card\" content=\"summary_large_image\" \/>\n<meta name=\"twitter:label1\" content=\"Dur\u00e9e de lecture estim\u00e9e\" \/>\n\t<meta name=\"twitter:data1\" content=\"3 minutes\" \/>\n<script type=\"application\/ld+json\" class=\"yoast-schema-graph\">{\"@context\":\"https:\/\/schema.org\",\"@graph\":[{\"@type\":\"WebPage\",\"@id\":\"https:\/\/audioguide-paris.com\/index.php\/montmartre-2\/\",\"url\":\"https:\/\/audioguide-paris.com\/index.php\/montmartre-2\/\",\"name\":\"Montmartre - Audio Guide Paris\",\"isPartOf\":{\"@id\":\"https:\/\/audioguide-paris.com\/#website\"},\"datePublished\":\"2025-11-17T15:28:03+00:00\",\"dateModified\":\"2026-04-03T08:17:52+00:00\",\"description\":\"Explorez Montmartre secret lors d\u2019une balade audioguid\u00e9e \u00e0 Paris, du Lapin Agile au Moulin de la Galette. Artistes, l\u00e9gendes, vignes, ruelles pav\u00e9es et histoires cach\u00e9es loin du Sacr\u00e9-C\u0153ur.\",\"breadcrumb\":{\"@id\":\"https:\/\/audioguide-paris.com\/index.php\/montmartre-2\/#breadcrumb\"},\"inLanguage\":\"fr-FR\",\"potentialAction\":[{\"@type\":\"ReadAction\",\"target\":[\"https:\/\/audioguide-paris.com\/index.php\/montmartre-2\/\"]}]},{\"@type\":\"BreadcrumbList\",\"@id\":\"https:\/\/audioguide-paris.com\/index.php\/montmartre-2\/#breadcrumb\",\"itemListElement\":[{\"@type\":\"ListItem\",\"position\":1,\"name\":\"Accueil\",\"item\":\"https:\/\/audioguide-paris.com\/\"},{\"@type\":\"ListItem\",\"position\":2,\"name\":\"Montmartre\"}]},{\"@type\":\"WebSite\",\"@id\":\"https:\/\/audioguide-paris.com\/#website\",\"url\":\"https:\/\/audioguide-paris.com\/\",\"name\":\"Audio Guide Paris\",\"description\":\"D\u00e9couvrez les tr\u00e9sors de Paris en compagnie d\u2019un expert\",\"publisher\":{\"@id\":\"https:\/\/audioguide-paris.com\/#organization\"},\"potentialAction\":[{\"@type\":\"SearchAction\",\"target\":{\"@type\":\"EntryPoint\",\"urlTemplate\":\"https:\/\/audioguide-paris.com\/?s={search_term_string}\"},\"query-input\":{\"@type\":\"PropertyValueSpecification\",\"valueRequired\":true,\"valueName\":\"search_term_string\"}}],\"inLanguage\":\"fr-FR\"},{\"@type\":\"Organization\",\"@id\":\"https:\/\/audioguide-paris.com\/#organization\",\"name\":\"Audio Guide Paris\",\"url\":\"https:\/\/audioguide-paris.com\/\",\"logo\":{\"@type\":\"ImageObject\",\"inLanguage\":\"fr-FR\",\"@id\":\"https:\/\/audioguide-paris.com\/#\/schema\/logo\/image\/\",\"url\":\"https:\/\/audioguide-paris.com\/wp-content\/uploads\/2024\/04\/cropped-cropped-Logo-transparent.png\",\"contentUrl\":\"https:\/\/audioguide-paris.com\/wp-content\/uploads\/2024\/04\/cropped-cropped-Logo-transparent.png\",\"width\":898,\"height\":898,\"caption\":\"Audio Guide Paris\"},\"image\":{\"@id\":\"https:\/\/audioguide-paris.com\/#\/schema\/logo\/image\/\"},\"sameAs\":[\"https:\/\/www.facebook.com\/profile.php?id=61558434027122\",\"https:\/\/www.instagram.com\/audioguideparis\/\"]}]}<\/script>\n<!-- \/ Yoast SEO plugin. -->","yoast_head_json":{"title":"Montmartre - Audio Guide Paris","description":"Explorez Montmartre secret lors d\u2019une balade audioguid\u00e9e \u00e0 Paris, du Lapin Agile au Moulin de la Galette. Artistes, l\u00e9gendes, vignes, ruelles pav\u00e9es et histoires cach\u00e9es loin du Sacr\u00e9-C\u0153ur.","robots":{"index":"index","follow":"follow","max-snippet":"max-snippet:-1","max-image-preview":"max-image-preview:large","max-video-preview":"max-video-preview:-1"},"canonical":"https:\/\/audioguide-paris.com\/index.php\/montmartre-2\/","og_locale":"fr_FR","og_type":"article","og_title":"Montmartre - Audio Guide Paris","og_description":"Explorez Montmartre secret lors d\u2019une balade audioguid\u00e9e \u00e0 Paris, du Lapin Agile au Moulin de la Galette. Artistes, l\u00e9gendes, vignes, ruelles pav\u00e9es et histoires cach\u00e9es loin du Sacr\u00e9-C\u0153ur.","og_url":"https:\/\/audioguide-paris.com\/index.php\/montmartre-2\/","og_site_name":"Audio Guide Paris","article_publisher":"https:\/\/www.facebook.com\/profile.php?id=61558434027122","article_modified_time":"2026-04-03T08:17:52+00:00","twitter_card":"summary_large_image","twitter_misc":{"Dur\u00e9e de lecture estim\u00e9e":"3 minutes"},"schema":{"@context":"https:\/\/schema.org","@graph":[{"@type":"WebPage","@id":"https:\/\/audioguide-paris.com\/index.php\/montmartre-2\/","url":"https:\/\/audioguide-paris.com\/index.php\/montmartre-2\/","name":"Montmartre - Audio Guide Paris","isPartOf":{"@id":"https:\/\/audioguide-paris.com\/#website"},"datePublished":"2025-11-17T15:28:03+00:00","dateModified":"2026-04-03T08:17:52+00:00","description":"Explorez Montmartre secret lors d\u2019une balade audioguid\u00e9e \u00e0 Paris, du Lapin Agile au Moulin de la Galette. Artistes, l\u00e9gendes, vignes, ruelles pav\u00e9es et histoires cach\u00e9es loin du Sacr\u00e9-C\u0153ur.","breadcrumb":{"@id":"https:\/\/audioguide-paris.com\/index.php\/montmartre-2\/#breadcrumb"},"inLanguage":"fr-FR","potentialAction":[{"@type":"ReadAction","target":["https:\/\/audioguide-paris.com\/index.php\/montmartre-2\/"]}]},{"@type":"BreadcrumbList","@id":"https:\/\/audioguide-paris.com\/index.php\/montmartre-2\/#breadcrumb","itemListElement":[{"@type":"ListItem","position":1,"name":"Accueil","item":"https:\/\/audioguide-paris.com\/"},{"@type":"ListItem","position":2,"name":"Montmartre"}]},{"@type":"WebSite","@id":"https:\/\/audioguide-paris.com\/#website","url":"https:\/\/audioguide-paris.com\/","name":"Audio Guide Paris","description":"D\u00e9couvrez les tr\u00e9sors de Paris en compagnie d\u2019un expert","publisher":{"@id":"https:\/\/audioguide-paris.com\/#organization"},"potentialAction":[{"@type":"SearchAction","target":{"@type":"EntryPoint","urlTemplate":"https:\/\/audioguide-paris.com\/?s={search_term_string}"},"query-input":{"@type":"PropertyValueSpecification","valueRequired":true,"valueName":"search_term_string"}}],"inLanguage":"fr-FR"},{"@type":"Organization","@id":"https:\/\/audioguide-paris.com\/#organization","name":"Audio Guide Paris","url":"https:\/\/audioguide-paris.com\/","logo":{"@type":"ImageObject","inLanguage":"fr-FR","@id":"https:\/\/audioguide-paris.com\/#\/schema\/logo\/image\/","url":"https:\/\/audioguide-paris.com\/wp-content\/uploads\/2024\/04\/cropped-cropped-Logo-transparent.png","contentUrl":"https:\/\/audioguide-paris.com\/wp-content\/uploads\/2024\/04\/cropped-cropped-Logo-transparent.png","width":898,"height":898,"caption":"Audio Guide Paris"},"image":{"@id":"https:\/\/audioguide-paris.com\/#\/schema\/logo\/image\/"},"sameAs":["https:\/\/www.facebook.com\/profile.php?id=61558434027122","https:\/\/www.instagram.com\/audioguideparis\/"]}]}},"_links":{"self":[{"href":"https:\/\/audioguide-paris.com\/index.php\/wp-json\/wp\/v2\/pages\/2463","targetHints":{"allow":["GET"]}}],"collection":[{"href":"https:\/\/audioguide-paris.com\/index.php\/wp-json\/wp\/v2\/pages"}],"about":[{"href":"https:\/\/audioguide-paris.com\/index.php\/wp-json\/wp\/v2\/types\/page"}],"author":[{"embeddable":true,"href":"https:\/\/audioguide-paris.com\/index.php\/wp-json\/wp\/v2\/users\/1"}],"replies":[{"embeddable":true,"href":"https:\/\/audioguide-paris.com\/index.php\/wp-json\/wp\/v2\/comments?post=2463"}],"version-history":[{"count":13,"href":"https:\/\/audioguide-paris.com\/index.php\/wp-json\/wp\/v2\/pages\/2463\/revisions"}],"predecessor-version":[{"id":4131,"href":"https:\/\/audioguide-paris.com\/index.php\/wp-json\/wp\/v2\/pages\/2463\/revisions\/4131"}],"wp:attachment":[{"href":"https:\/\/audioguide-paris.com\/index.php\/wp-json\/wp\/v2\/media?parent=2463"}],"curies":[{"name":"wp","href":"https:\/\/api.w.org\/{rel}","templated":true}]}}