{"id":2693,"date":"2025-11-24T15:49:58","date_gmt":"2025-11-24T14:49:58","guid":{"rendered":"https:\/\/audioguide-paris.com\/?page_id=2693"},"modified":"2026-04-03T10:21:14","modified_gmt":"2026-04-03T08:21:14","slug":"passy","status":"publish","type":"page","link":"https:\/\/audioguide-paris.com\/index.php\/passy\/","title":{"rendered":"Passy"},"content":{"rendered":"<div data-colibri-id=\"2693-c1\" class=\"style-1236 style-local-2693-c1 position-relative\">\r\n  <!---->\r\n  <div data-colibri-component=\"section\" data-colibri-id=\"2693-c2\" id=\"overlappable\" class=\"h-section h-section-global-spacing d-flex align-items-lg-center align-items-md-center align-items-center style-1287 style-local-2693-c2 position-relative\">\r\n    <!---->\r\n    <!---->\r\n    <div class=\"h-section-grid-container h-section-boxed-container\">\r\n      <!---->\r\n      <div data-colibri-id=\"2693-c3\" class=\"h-row-container gutters-row-lg-0 gutters-row-md-0 gutters-row-0 gutters-row-v-lg-0 gutters-row-v-md-0 gutters-row-v-0 style-1288 style-local-2693-c3 position-relative\">\r\n        <!---->\r\n        <div class=\"h-row justify-content-lg-center justify-content-md-center justify-content-center align-items-lg-stretch align-items-md-stretch align-items-stretch gutters-col-lg-0 gutters-col-md-0 gutters-col-0 gutters-col-v-lg-0 gutters-col-v-md-0 gutters-col-v-0\">\r\n          <!---->\r\n          <div class=\"h-column h-column-container d-flex h-col-lg-auto h-col-md-auto h-col-auto style-1289-outer style-local-2693-c4-outer\">\r\n            <div data-colibri-id=\"2693-c4\" class=\"d-flex h-flex-basis h-column__inner h-ui-empty-state-container h-px-lg-0 h-px-md-0 h-px-0 v-inner-lg-0 v-inner-md-0 v-inner-0 style-1289 style-local-2693-c4 position-relative\">\r\n              <!---->\r\n              <!---->\r\n              <div class=\"w-100 h-y-container h-column__content h-column__v-align flex-basis-100\">\r\n                <!---->\r\n              <\/div>\r\n            <\/div>\r\n          <\/div>\r\n          <div class=\"h-column h-column-container d-flex h-col-lg-auto h-col-md-auto h-col-auto style-1290-outer style-local-2693-c5-outer\">\r\n            <div data-colibri-id=\"2693-c5\" class=\"d-flex h-flex-basis h-column__inner h-px-lg-2 h-px-md-2 h-px-2 v-inner-lg-2 v-inner-md-2 v-inner-2 style-1290 style-local-2693-c5 position-relative\">\r\n              <!---->\r\n              <!---->\r\n              <div class=\"w-100 h-y-container h-column__content h-column__v-align flex-basis-100 align-self-lg-center align-self-md-center align-self-center\">\r\n                <!---->\r\n                <div data-colibri-id=\"2693-c6\" class=\"h-global-transition-all h-heading style-1291 style-local-2693-c6 position-relative h-element\">\r\n                  <!---->\r\n                  <div class=\"h-heading__outer style-1291 style-local-2693-c6\">\r\n                    <!---->\r\n                    <!---->\r\n                    <h4 class=\"\">Balade \u00ab Secrets de Passy : des sources cach\u00e9es \u00e0 l\u2019Art nouveau \u00bb<\/h4>\r\n                  <\/div>\r\n                <\/div>\r\n                <div data-colibri-id=\"2693-c7\" class=\"h-text h-text-component style-1292 style-local-2693-c7 position-relative h-element\">\r\n                  <!---->\r\n                  <!---->\r\n                  <div class=\"\">\r\n                    <p>Et si, derri\u00e8re les fa\u00e7ades tr\u00e8s sages du 16\u1d49, se cachait un quartier d\u2019ermites, de sources miraculeuses, de vins de moines, d\u2019\u00e9crivains fauch\u00e9s et d\u2019architectes compl\u00e8tement visionnaires ? De la rue Raynouard \u00e0 l\u2019avenue Mozart, cette\r\n                      balade dans le quartier Passy vous fait passer d\u2019un ancien hameau de b\u00fbcherons \u00e0 un Paris de caves secr\u00e8tes, d\u2019h\u00f4tels particuliers et d\u2019Art nouveau.<\/p>\r\n                    <p>Que reste-t-il des sources thermales o\u00f9 venaient se soigner Lavoisier, Benjamin Franklin ou Rousseau ? O\u00f9 se cache le mus\u00e9e du Vin dans d\u2019anciennes carri\u00e8res du Moyen \u00c2ge, et quel vin les moines offraient-ils \u00e0 Louis XIII sur ces collines\r\n                      autrefois couvertes de vignes ? L\u2019audio vous emm\u00e8ne dans la discr\u00e8te rue des Eaux, derri\u00e8re des portes que l\u2019on ne remarque jamais quand on se contente de fl\u00e2ner.<\/p>\r\n                  <\/div>\r\n                <\/div>\r\n              <\/div>\r\n            <\/div>\r\n          <\/div>\r\n          <div class=\"h-column h-column-container d-flex h-col-lg-auto h-col-md-auto h-col-auto style-1290-outer style-local-2693-c8-outer\">\r\n            <div data-colibri-id=\"2693-c8\" class=\"d-flex h-flex-basis h-column__inner h-px-lg-2 h-px-md-2 h-px-2 v-inner-lg-2 v-inner-md-2 v-inner-2 style-1290 style-local-2693-c8 position-relative\">\r\n              <!---->\r\n              <!---->\r\n              <div class=\"w-100 h-y-container h-column__content h-column__v-align flex-basis-100 align-self-lg-center align-self-md-center align-self-center\">\r\n                <!---->\r\n                <div data-colibri-id=\"2693-c9\" class=\"h-text h-text-component style-1292 style-local-2693-c9 position-relative h-element\">\r\n                  <!---->\r\n                  <!---->\r\n                  <div class=\"\">\r\n                    <p>Vous d\u00e9couvrez aussi un Passy litt\u00e9raire et un peu rocambolesque : la maison d\u2019Honor\u00e9 de Balzac, o\u00f9 l\u2019\u00e9crivain vivait sous pseudonyme et profitait de deux sorties diff\u00e9rentes pour \u00e9chapper \u00e0 ses cr\u00e9anciers ; une \u00e9glise de village devenue\r\n                      Notre-Dame-de-Gr\u00e2ce de Passy ; puis la Maison de la Radio et de la Musique, v\u00e9ritable ruche moderne o\u00f9 des milliers de personnes fabriquent chaque jour l\u2019\u00ab ambiance sonore \u00bb du pays.<\/p>\r\n                    <p>Plus loin, la balade bascule dans le royaume de l\u2019Art nouveau : le Castel B\u00e9ranger d\u2019Hector Guimard, le conservatoire Francis Poulenc o\u00f9 r\u00e9sonnent les r\u00e9p\u00e9titions, l\u2019\u00e9l\u00e9gant h\u00f4tel Mezzara, puis l\u2019avenue Mozart et l\u2019extraordinaire h\u00f4tel\r\n                      Guimard, que l\u2019architecte r\u00eavait d\u2019offrir \u00e0 l\u2019\u00c9tat pour en faire un mus\u00e9e de l\u2019Art nouveau. Pourquoi ce projet n\u2019a-t-il jamais abouti ? Et quels d\u00e9tails de fa\u00e7ade vous passerez \u00e0 coup s\u00fbr \u00e0 c\u00f4t\u00e9, si personne ne vous les montre ?<\/p>\r\n                    <p>Entre deux escales architecturales, l\u2019audio vous fait aussi entrer dans un Passy plus spirituel et intime : chapelle Sainte-Th\u00e9r\u00e8se et reliques de Th\u00e9r\u00e8se de Lisieux, rue de la Source menant autrefois \u00e0 une eau r\u00e9put\u00e9e miraculeuse,\r\n                      ambiance de village chic o\u00f9 l\u2019on marche sur les traces de Jackie Kennedy, de musiciens c\u00e9l\u00e8bres et de gens venus chercher ici la sant\u00e9, la foi\u2026 ou la tranquillit\u00e9.<\/p>\r\n                  <\/div>\r\n                <\/div>\r\n              <\/div>\r\n            <\/div>\r\n          <\/div>\r\n          <div class=\"h-column h-column-container d-flex h-col-lg-auto h-col-md-auto h-col-auto style-1295-outer style-local-2693-c17-outer\">\r\n            <div data-colibri-id=\"2693-c17\" class=\"d-flex h-flex-basis h-column__inner h-ui-empty-state-container h-px-lg-0 h-px-md-0 h-px-0 v-inner-lg-0 v-inner-md-0 v-inner-0 style-1295 style-local-2693-c17 position-relative\">\r\n              <!---->\r\n              <!---->\r\n              <div class=\"w-100 h-y-container h-column__content h-column__v-align flex-basis-100\">\r\n                <!---->\r\n              <\/div>\r\n            <\/div>\r\n          <\/div>\r\n        <\/div>\r\n      <\/div>\r\n      <div data-colibri-id=\"2693-c18\" class=\"h-row-container gutters-row-lg-2 gutters-row-md-2 gutters-row-0 gutters-row-v-lg-2 gutters-row-v-md-2 gutters-row-v-2 style-2234 style-local-2693-c18 position-relative\">\r\n        <!---->\r\n        <div class=\"h-row justify-content-lg-center justify-content-md-center justify-content-center align-items-lg-stretch align-items-md-stretch align-items-stretch gutters-col-lg-2 gutters-col-md-2 gutters-col-0 gutters-col-v-lg-2 gutters-col-v-md-2 gutters-col-v-2\">\r\n          <!---->\r\n          <div class=\"h-column h-column-container d-flex h-col-lg-auto h-col-md-auto h-col-auto style-2235-outer style-local-2693-c19-outer\">\r\n            <div data-colibri-id=\"2693-c19\" class=\"d-flex h-flex-basis h-column__inner h-px-lg-2 h-px-md-2 h-px-2 v-inner-lg-2 v-inner-md-2 v-inner-2 style-2235 style-local-2693-c19 position-relative\">\r\n              <!---->\r\n              <!---->\r\n              <div class=\"w-100 h-y-container h-column__content h-column__v-align flex-basis-100 align-self-lg-start align-self-md-start align-self-start\">\r\n                <!---->\r\n                <div data-colibri-id=\"2693-c20\" class=\"h-global-transition-all h-heading style-2236 style-local-2693-c20 position-relative h-element\">\r\n                  <!---->\r\n                  <div class=\"h-heading__outer style-2236 style-local-2693-c20\">\r\n                    <!---->\r\n                    <!---->\r\n                    <h1 class=\"\">Pendant cette visite vous :<\/h1>\r\n                  <\/div>\r\n                <\/div>\r\n                <div data-colibri-id=\"2693-c21\" class=\"h-text h-text-component style-2237 style-local-2693-c21 position-relative h-element\">\r\n                  <!---->\r\n                  <!---->\r\n                  <div class=\"\">\r\n                    <ul>\r\n                      <li>explorez \u00e0 pied le quartier Passy et ses alentours, de la rue Raynouard \u00e0 l\u2019avenue Mozart, en passant par la Maison de la Radio et la rue Jean-de-La-Fontaine ;\r\n                        <br>\r\n                      <\/li>\r\n                      <li>d\u00e9couvrez des histoires \u00e9tonnantes : sources thermales disparues, vins de moines, Balzac en fuite, radiodiffusion \u00e0 grande \u00e9chelle, architecte obs\u00e9d\u00e9 par l\u2019Art nouveau, chapelle d\u00e9di\u00e9e \u00e0 une sainte mondialement v\u00e9n\u00e9r\u00e9e ;\r\n                        <br>\r\n                      <\/li>\r\n                      <li>profitez de spots photo \u00e9l\u00e9gants et originaux : ruelles en pente, caves vo\u00fbt\u00e9es, fa\u00e7ades Art nouveau, immeubles Art d\u00e9co, chapelle intime et grandes perspectives bourgeoises ;\r\n                        <br>\r\n                      <\/li>\r\n                      <li>vivez une exp\u00e9rience immersive, rythm\u00e9e et pleine de r\u00e9v\u00e9lations, loin des visites \u00ab catalogue \u00bb qui se contentent de nommer les b\u00e2timents sans raconter leurs secrets.\r\n                        <br>\r\n                      <\/li>\r\n                    <\/ul>\r\n                    <p>Plus qu\u2019une balade chic, c\u2019est une enqu\u00eate \u00e0 ciel ouvert dans un Passy \u00e9l\u00e9gant en surface\u2026 mais plein d\u2019histoires inattendues juste derri\u00e8re les portes et les fa\u00e7ades.\r\n                      <br>\r\n                    <\/p>\r\n                    <p><span style=\"font-weight: 600;\">T\u00e9l\u00e9chargez gratuitement l\u2019application Audio Guide Paris et d\u00e9bloquez la balade compl\u00e8te \u00ab Secrets de Passy \u00bb \u2014 pour d\u00e9couvrir o\u00f9 se cachent vraiment les sources, les caves, les \u00e9crivains, les moines, les architectes fous\u2026 et tout ce que vous ne verrez jamais en simple promenade.<\/span><\/p>\r\n                  <\/div>\r\n                <\/div>\r\n                <div data-colibri-id=\"2693-c10\" class=\"h-row-container gutters-row-lg-2 gutters-row-md-2 gutters-row-0 gutters-row-v-lg-2 gutters-row-v-md-2 gutters-row-v-2 style-1303 style-local-2693-c10 position-relative\">\r\n                  <!---->\r\n                  <div class=\"h-row justify-content-lg-center justify-content-md-center justify-content-center align-items-lg-stretch align-items-md-stretch align-items-stretch gutters-col-lg-2 gutters-col-md-2 gutters-col-0 gutters-col-v-lg-2 gutters-col-v-md-2 gutters-col-v-2\">\r\n                    <!---->\r\n                    <div class=\"h-column h-column-container d-flex h-col-lg-auto h-col-md-auto h-col-auto style-1304-outer style-local-2693-c11-outer\">\r\n                      <div data-colibri-id=\"2693-c11\" class=\"d-flex h-flex-basis h-column__inner h-px-lg-2 h-px-md-2 h-px-2 v-inner-lg-2 v-inner-md-2 v-inner-2 style-1304 style-local-2693-c11 position-relative\">\r\n                        <!---->\r\n                        <!---->\r\n                        <div class=\"w-100 h-y-container h-column__content h-column__v-align flex-basis-100 align-self-lg-start align-self-md-start align-self-start\">\r\n                          <!---->\r\n                          <div data-colibri-id=\"2693-c12\" class=\"h-x-container style-1306 style-local-2693-c12 position-relative h-element\">\r\n                            <!---->\r\n                            <div class=\"h-x-container-inner style-dynamic-2693-c12-group style-1306-spacing style-local-2693-c12-spacing\"><span class=\"h-button__outer style-1307-outer style-local-2693-c13-outer d-inline-flex h-element\"><a h-use-smooth-scroll=\"true\" href=\"https:\/\/apps.apple.com\/gr\/app\/audio-guide-paris\/id6471984315\" target=\"_blank\"  data-colibri-id=\"2693-c13\" class=\"d-flex w-100 align-items-center h-button justify-content-lg-center justify-content-md-center justify-content-center style-1307 style-local-2693-c13 position-relative\"><!----><!----> <span>apple store <\/span><\/a>\r\n                              <\/span>\r\n                            <\/div>\r\n                          <\/div>\r\n                        <\/div>\r\n                      <\/div>\r\n                    <\/div>\r\n                    <div class=\"h-column h-column-container d-flex h-col-lg-auto h-col-md-auto h-col-auto style-1305-outer style-local-2693-c14-outer\">\r\n                      <div data-colibri-id=\"2693-c14\" class=\"d-flex h-flex-basis h-column__inner h-px-lg-2 h-px-md-2 h-px-2 v-inner-lg-2 v-inner-md-2 v-inner-2 style-1305 style-local-2693-c14 position-relative\">\r\n                        <!---->\r\n                        <!---->\r\n                        <div class=\"w-100 h-y-container h-column__content h-column__v-align flex-basis-100 align-self-lg-start align-self-md-start align-self-start\">\r\n                          <!---->\r\n                          <div data-colibri-id=\"2693-c15\" class=\"h-x-container style-1308 style-local-2693-c15 position-relative h-element\">\r\n                            <!---->\r\n                            <div class=\"h-x-container-inner style-dynamic-2693-c15-group style-1308-spacing style-local-2693-c15-spacing\"><span class=\"h-button__outer style-1309-outer style-local-2693-c16-outer d-inline-flex h-element\"><a h-use-smooth-scroll=\"true\" href=\"https:\/\/play.google.com\/store\/apps\/details?id=com.audioguides_paris\" target=\"_blank\"  data-colibri-id=\"2693-c16\" class=\"d-flex w-100 align-items-center h-button justify-content-lg-center justify-content-md-center justify-content-center style-1309 style-local-2693-c16 position-relative\"><!----><!----> <span>google play<\/span><\/a>\r\n                              <\/span>\r\n                            <\/div>\r\n                          <\/div>\r\n                        <\/div>\r\n                      <\/div>\r\n                    <\/div>\r\n                  <\/div>\r\n                <\/div>\r\n              <\/div>\r\n            <\/div>\r\n          <\/div>\r\n        <\/div>\r\n      <\/div>\r\n    <\/div>\r\n  <\/div>\r\n<\/div>","protected":false},"excerpt":{"rendered":"<p>Balade \u00ab Secrets de Passy : des sources cach\u00e9es \u00e0 l\u2019Art nouveau \u00bb Et si, derri\u00e8re les fa\u00e7ades tr\u00e8s sages du 16\u1d49, se cachait un quartier d\u2019ermites, de sources miraculeuses, de vins de moines, d\u2019\u00e9crivains fauch\u00e9s et d\u2019architectes compl\u00e8tement visionnaires ? De la rue Raynouard \u00e0 l\u2019avenue Mozart, cette balade dans le quartier Passy vous [&hellip;]<\/p>\n","protected":false},"author":1,"featured_media":0,"parent":0,"menu_order":0,"comment_status":"closed","ping_status":"closed","template":"page-templates\/full-width-page.php","meta":{"footnotes":""},"class_list":["post-2693","page","type-page","status-publish","hentry"],"yoast_head":"<!-- This site is optimized with the Yoast SEO plugin v26.6 - https:\/\/yoast.com\/wordpress\/plugins\/seo\/ -->\n<title>Passy - Audio Guide Paris<\/title>\n<meta name=\"description\" content=\"Explorez Passy lors d\u2019une balade audioguid\u00e9e \u00e0 Paris, de la rue Raynouard \u00e0 l\u2019avenue Mozart. Sources cach\u00e9es, maison de Balzac, Art nouveau et histoires secr\u00e8tes au c\u0153ur du 16e arrondissement.\" \/>\n<meta name=\"robots\" content=\"index, follow, max-snippet:-1, max-image-preview:large, max-video-preview:-1\" \/>\n<link rel=\"canonical\" href=\"https:\/\/audioguide-paris.com\/index.php\/passy\/\" \/>\n<meta property=\"og:locale\" content=\"fr_FR\" \/>\n<meta property=\"og:type\" content=\"article\" \/>\n<meta property=\"og:title\" content=\"Passy - Audio Guide Paris\" \/>\n<meta property=\"og:description\" content=\"Explorez Passy lors d\u2019une balade audioguid\u00e9e \u00e0 Paris, de la rue Raynouard \u00e0 l\u2019avenue Mozart. Sources cach\u00e9es, maison de Balzac, Art nouveau et histoires secr\u00e8tes au c\u0153ur du 16e arrondissement.\" \/>\n<meta property=\"og:url\" content=\"https:\/\/audioguide-paris.com\/index.php\/passy\/\" \/>\n<meta property=\"og:site_name\" content=\"Audio Guide Paris\" \/>\n<meta property=\"article:publisher\" content=\"https:\/\/www.facebook.com\/profile.php?id=61558434027122\" \/>\n<meta property=\"article:modified_time\" content=\"2026-04-03T08:21:14+00:00\" \/>\n<meta name=\"twitter:card\" content=\"summary_large_image\" \/>\n<meta name=\"twitter:label1\" content=\"Dur\u00e9e de lecture estim\u00e9e\" \/>\n\t<meta name=\"twitter:data1\" content=\"3 minutes\" \/>\n<script type=\"application\/ld+json\" class=\"yoast-schema-graph\">{\"@context\":\"https:\/\/schema.org\",\"@graph\":[{\"@type\":\"WebPage\",\"@id\":\"https:\/\/audioguide-paris.com\/index.php\/passy\/\",\"url\":\"https:\/\/audioguide-paris.com\/index.php\/passy\/\",\"name\":\"Passy - Audio Guide Paris\",\"isPartOf\":{\"@id\":\"https:\/\/audioguide-paris.com\/#website\"},\"datePublished\":\"2025-11-24T14:49:58+00:00\",\"dateModified\":\"2026-04-03T08:21:14+00:00\",\"description\":\"Explorez Passy lors d\u2019une balade audioguid\u00e9e \u00e0 Paris, de la rue Raynouard \u00e0 l\u2019avenue Mozart. Sources cach\u00e9es, maison de Balzac, Art nouveau et histoires secr\u00e8tes au c\u0153ur du 16e arrondissement.\",\"breadcrumb\":{\"@id\":\"https:\/\/audioguide-paris.com\/index.php\/passy\/#breadcrumb\"},\"inLanguage\":\"fr-FR\",\"potentialAction\":[{\"@type\":\"ReadAction\",\"target\":[\"https:\/\/audioguide-paris.com\/index.php\/passy\/\"]}]},{\"@type\":\"BreadcrumbList\",\"@id\":\"https:\/\/audioguide-paris.com\/index.php\/passy\/#breadcrumb\",\"itemListElement\":[{\"@type\":\"ListItem\",\"position\":1,\"name\":\"Accueil\",\"item\":\"https:\/\/audioguide-paris.com\/\"},{\"@type\":\"ListItem\",\"position\":2,\"name\":\"Passy\"}]},{\"@type\":\"WebSite\",\"@id\":\"https:\/\/audioguide-paris.com\/#website\",\"url\":\"https:\/\/audioguide-paris.com\/\",\"name\":\"Audio Guide Paris\",\"description\":\"D\u00e9couvrez les tr\u00e9sors de Paris en compagnie d\u2019un expert\",\"publisher\":{\"@id\":\"https:\/\/audioguide-paris.com\/#organization\"},\"potentialAction\":[{\"@type\":\"SearchAction\",\"target\":{\"@type\":\"EntryPoint\",\"urlTemplate\":\"https:\/\/audioguide-paris.com\/?s={search_term_string}\"},\"query-input\":{\"@type\":\"PropertyValueSpecification\",\"valueRequired\":true,\"valueName\":\"search_term_string\"}}],\"inLanguage\":\"fr-FR\"},{\"@type\":\"Organization\",\"@id\":\"https:\/\/audioguide-paris.com\/#organization\",\"name\":\"Audio Guide Paris\",\"url\":\"https:\/\/audioguide-paris.com\/\",\"logo\":{\"@type\":\"ImageObject\",\"inLanguage\":\"fr-FR\",\"@id\":\"https:\/\/audioguide-paris.com\/#\/schema\/logo\/image\/\",\"url\":\"https:\/\/audioguide-paris.com\/wp-content\/uploads\/2024\/04\/cropped-cropped-Logo-transparent.png\",\"contentUrl\":\"https:\/\/audioguide-paris.com\/wp-content\/uploads\/2024\/04\/cropped-cropped-Logo-transparent.png\",\"width\":898,\"height\":898,\"caption\":\"Audio Guide Paris\"},\"image\":{\"@id\":\"https:\/\/audioguide-paris.com\/#\/schema\/logo\/image\/\"},\"sameAs\":[\"https:\/\/www.facebook.com\/profile.php?id=61558434027122\",\"https:\/\/www.instagram.com\/audioguideparis\/\"]}]}<\/script>\n<!-- \/ Yoast SEO plugin. -->","yoast_head_json":{"title":"Passy - Audio Guide Paris","description":"Explorez Passy lors d\u2019une balade audioguid\u00e9e \u00e0 Paris, de la rue Raynouard \u00e0 l\u2019avenue Mozart. Sources cach\u00e9es, maison de Balzac, Art nouveau et histoires secr\u00e8tes au c\u0153ur du 16e arrondissement.","robots":{"index":"index","follow":"follow","max-snippet":"max-snippet:-1","max-image-preview":"max-image-preview:large","max-video-preview":"max-video-preview:-1"},"canonical":"https:\/\/audioguide-paris.com\/index.php\/passy\/","og_locale":"fr_FR","og_type":"article","og_title":"Passy - Audio Guide Paris","og_description":"Explorez Passy lors d\u2019une balade audioguid\u00e9e \u00e0 Paris, de la rue Raynouard \u00e0 l\u2019avenue Mozart. Sources cach\u00e9es, maison de Balzac, Art nouveau et histoires secr\u00e8tes au c\u0153ur du 16e arrondissement.","og_url":"https:\/\/audioguide-paris.com\/index.php\/passy\/","og_site_name":"Audio Guide Paris","article_publisher":"https:\/\/www.facebook.com\/profile.php?id=61558434027122","article_modified_time":"2026-04-03T08:21:14+00:00","twitter_card":"summary_large_image","twitter_misc":{"Dur\u00e9e de lecture estim\u00e9e":"3 minutes"},"schema":{"@context":"https:\/\/schema.org","@graph":[{"@type":"WebPage","@id":"https:\/\/audioguide-paris.com\/index.php\/passy\/","url":"https:\/\/audioguide-paris.com\/index.php\/passy\/","name":"Passy - Audio Guide Paris","isPartOf":{"@id":"https:\/\/audioguide-paris.com\/#website"},"datePublished":"2025-11-24T14:49:58+00:00","dateModified":"2026-04-03T08:21:14+00:00","description":"Explorez Passy lors d\u2019une balade audioguid\u00e9e \u00e0 Paris, de la rue Raynouard \u00e0 l\u2019avenue Mozart. Sources cach\u00e9es, maison de Balzac, Art nouveau et histoires secr\u00e8tes au c\u0153ur du 16e arrondissement.","breadcrumb":{"@id":"https:\/\/audioguide-paris.com\/index.php\/passy\/#breadcrumb"},"inLanguage":"fr-FR","potentialAction":[{"@type":"ReadAction","target":["https:\/\/audioguide-paris.com\/index.php\/passy\/"]}]},{"@type":"BreadcrumbList","@id":"https:\/\/audioguide-paris.com\/index.php\/passy\/#breadcrumb","itemListElement":[{"@type":"ListItem","position":1,"name":"Accueil","item":"https:\/\/audioguide-paris.com\/"},{"@type":"ListItem","position":2,"name":"Passy"}]},{"@type":"WebSite","@id":"https:\/\/audioguide-paris.com\/#website","url":"https:\/\/audioguide-paris.com\/","name":"Audio Guide Paris","description":"D\u00e9couvrez les tr\u00e9sors de Paris en compagnie d\u2019un expert","publisher":{"@id":"https:\/\/audioguide-paris.com\/#organization"},"potentialAction":[{"@type":"SearchAction","target":{"@type":"EntryPoint","urlTemplate":"https:\/\/audioguide-paris.com\/?s={search_term_string}"},"query-input":{"@type":"PropertyValueSpecification","valueRequired":true,"valueName":"search_term_string"}}],"inLanguage":"fr-FR"},{"@type":"Organization","@id":"https:\/\/audioguide-paris.com\/#organization","name":"Audio Guide Paris","url":"https:\/\/audioguide-paris.com\/","logo":{"@type":"ImageObject","inLanguage":"fr-FR","@id":"https:\/\/audioguide-paris.com\/#\/schema\/logo\/image\/","url":"https:\/\/audioguide-paris.com\/wp-content\/uploads\/2024\/04\/cropped-cropped-Logo-transparent.png","contentUrl":"https:\/\/audioguide-paris.com\/wp-content\/uploads\/2024\/04\/cropped-cropped-Logo-transparent.png","width":898,"height":898,"caption":"Audio Guide Paris"},"image":{"@id":"https:\/\/audioguide-paris.com\/#\/schema\/logo\/image\/"},"sameAs":["https:\/\/www.facebook.com\/profile.php?id=61558434027122","https:\/\/www.instagram.com\/audioguideparis\/"]}]}},"_links":{"self":[{"href":"https:\/\/audioguide-paris.com\/index.php\/wp-json\/wp\/v2\/pages\/2693","targetHints":{"allow":["GET"]}}],"collection":[{"href":"https:\/\/audioguide-paris.com\/index.php\/wp-json\/wp\/v2\/pages"}],"about":[{"href":"https:\/\/audioguide-paris.com\/index.php\/wp-json\/wp\/v2\/types\/page"}],"author":[{"embeddable":true,"href":"https:\/\/audioguide-paris.com\/index.php\/wp-json\/wp\/v2\/users\/1"}],"replies":[{"embeddable":true,"href":"https:\/\/audioguide-paris.com\/index.php\/wp-json\/wp\/v2\/comments?post=2693"}],"version-history":[{"count":10,"href":"https:\/\/audioguide-paris.com\/index.php\/wp-json\/wp\/v2\/pages\/2693\/revisions"}],"predecessor-version":[{"id":4103,"href":"https:\/\/audioguide-paris.com\/index.php\/wp-json\/wp\/v2\/pages\/2693\/revisions\/4103"}],"wp:attachment":[{"href":"https:\/\/audioguide-paris.com\/index.php\/wp-json\/wp\/v2\/media?parent=2693"}],"curies":[{"name":"wp","href":"https:\/\/api.w.org\/{rel}","templated":true}]}}