{"id":2734,"date":"2025-11-24T16:07:31","date_gmt":"2025-11-24T15:07:31","guid":{"rendered":"https:\/\/audioguide-paris.com\/?page_id=2734"},"modified":"2026-04-03T10:08:52","modified_gmt":"2026-04-03T08:08:52","slug":"jardin-des-plantes","status":"publish","type":"page","link":"https:\/\/audioguide-paris.com\/index.php\/jardin-des-plantes\/","title":{"rendered":"Jardin des Plantes"},"content":{"rendered":"<div data-colibri-id=\"2734-c1\" class=\"style-1256 style-local-2734-c1 position-relative\">\r\n  <!---->\r\n  <div data-colibri-component=\"section\" data-colibri-id=\"2734-c2\" id=\"overlappable\" class=\"h-section h-section-global-spacing d-flex align-items-lg-center align-items-md-center align-items-center style-1257 style-local-2734-c2 position-relative\">\r\n    <!---->\r\n    <!---->\r\n    <div class=\"h-section-grid-container h-section-boxed-container\">\r\n      <!---->\r\n      <div data-colibri-id=\"2734-c3\" class=\"h-row-container gutters-row-lg-0 gutters-row-md-0 gutters-row-0 gutters-row-v-lg-0 gutters-row-v-md-0 gutters-row-v-0 style-1258 style-local-2734-c3 position-relative\">\r\n        <!---->\r\n        <div class=\"h-row justify-content-lg-center justify-content-md-center justify-content-center align-items-lg-stretch align-items-md-stretch align-items-stretch gutters-col-lg-0 gutters-col-md-0 gutters-col-0 gutters-col-v-lg-0 gutters-col-v-md-0 gutters-col-v-0\">\r\n          <!---->\r\n          <div class=\"h-column h-column-container d-flex h-col-lg-auto h-col-md-auto h-col-auto style-1259-outer style-local-2734-c4-outer\">\r\n            <div data-colibri-id=\"2734-c4\" class=\"d-flex h-flex-basis h-column__inner h-ui-empty-state-container h-px-lg-0 h-px-md-0 h-px-0 v-inner-lg-0 v-inner-md-0 v-inner-0 style-1259 style-local-2734-c4 position-relative\">\r\n              <!---->\r\n              <!---->\r\n              <div class=\"w-100 h-y-container h-column__content h-column__v-align flex-basis-100\">\r\n                <!---->\r\n              <\/div>\r\n            <\/div>\r\n          <\/div>\r\n          <div class=\"h-column h-column-container d-flex h-col-lg-auto h-col-md-auto h-col-auto style-1260-outer style-local-2734-c5-outer\">\r\n            <div data-colibri-id=\"2734-c5\" class=\"d-flex h-flex-basis h-column__inner h-px-lg-2 h-px-md-2 h-px-2 v-inner-lg-2 v-inner-md-2 v-inner-2 style-1260 style-local-2734-c5 position-relative\">\r\n              <!---->\r\n              <!---->\r\n              <div class=\"w-100 h-y-container h-column__content h-column__v-align flex-basis-100 align-self-lg-center align-self-md-center align-self-center\">\r\n                <!---->\r\n                <div data-colibri-id=\"2734-c6\" class=\"h-global-transition-all h-heading style-1261 style-local-2734-c6 position-relative h-element\">\r\n                  <!---->\r\n                  <div class=\"h-heading__outer style-1261 style-local-2734-c6\">\r\n                    <!---->\r\n                    <!---->\r\n                    <h4 class=\"\">Balade \u00ab Les secrets du Jardin des Plantes &amp; de la rue Mouffetard \u00bb<\/h4>\r\n                  <\/div>\r\n                <\/div>\r\n                <div data-colibri-id=\"2734-c7\" class=\"h-text h-text-component style-1262 style-local-2734-c7 position-relative h-element\">\r\n                  <!---->\r\n                  <!---->\r\n                  <div class=\"\">\r\n                    <p>Et si, en partant d\u2019une simple gare, vous traversiez deux mille ans d\u2019histoires \u00e9tranges, de tr\u00e9sors cach\u00e9s, de miracles\u2026 et d\u2019odeurs franchement suspectes ? De la gare d\u2019Austerlitz \u00e0 l\u2019\u00e9glise Saint-M\u00e9dard, en passant par le Jardin\r\n                      des Plantes, la Grande Mosqu\u00e9e, les Ar\u00e8nes de Lut\u00e8ce et la rue Mouffetard, cette balade vous fait suivre un fil continu \u00e0 travers le 5\u1d49, sans boucle ni d\u00e9tour inutile, mais avec une belle collection de secrets.<\/p>\r\n                    <p>Quel est ce jardin scientifique qui cache le plus gros saphir du monde, un c\u00e8dre presque \u00ab vol\u00e9 \u00bb au Liban et un zoo en plein c\u0153ur de Paris ? Comment la Grande Mosqu\u00e9e a-t-elle sauv\u00e9 des vies pendant la Seconde Guerre mondiale, bien\r\n                      au-del\u00e0 de son salon de th\u00e9 et de ses p\u00e2tisseries ? Et pourquoi les Ar\u00e8nes de Lut\u00e8ce, o\u00f9 se battaient gladiateurs et fauves, ont-elles disparu pendant plus de 1 500 ans avant d\u2019\u00eatre red\u00e9couvertes par hasard sous un d\u00e9p\u00f4t de bus ?<\/p>\r\n                  <\/div>\r\n                <\/div>\r\n              <\/div>\r\n            <\/div>\r\n          <\/div>\r\n          <div class=\"h-column h-column-container d-flex h-col-lg-auto h-col-md-auto h-col-auto style-1260-outer style-local-2734-c8-outer\">\r\n            <div data-colibri-id=\"2734-c8\" class=\"d-flex h-flex-basis h-column__inner h-px-lg-2 h-px-md-2 h-px-2 v-inner-lg-2 v-inner-md-2 v-inner-2 style-1260 style-local-2734-c8 position-relative\">\r\n              <!---->\r\n              <!---->\r\n              <div class=\"w-100 h-y-container h-column__content h-column__v-align flex-basis-100 align-self-lg-center align-self-md-center align-self-center\">\r\n                <!---->\r\n                <div data-colibri-id=\"2734-c9\" class=\"h-text h-text-component style-1262 style-local-2734-c9 position-relative h-element\">\r\n                  <!---->\r\n                  <!---->\r\n                  <div class=\"\">\r\n                    <p>Plus loin, l\u2019itin\u00e9raire vous emm\u00e8ne dans un quartier o\u00f9 les plaques de rues sont sign\u00e9es par des math\u00e9maticiens, des po\u00e8tes et des philosophes : Monge, Pascal, Descartes, Benjamin Fondane\u2026 Vous d\u00e9couvrez pourquoi ce dernier a refus\u00e9\r\n                      d\u2019\u00eatre sauv\u00e9 sans sa s\u0153ur, ce qu\u2019un mascaron inqui\u00e9tant \u00e9tait cens\u00e9 prot\u00e9ger, et ce que signifie vraiment \u00ab Je pense, donc je suis \u00bb quand on se trouve devant la maison o\u00f9 \u00e7a a \u00e9t\u00e9 \u00e9crit.<\/p>\r\n                    <p>La promenade se termine dans le bouillonnement de la place de la Contrescarpe, de la rue Mouffetard et de l\u2019\u00e9glise Saint-M\u00e9dard : origine myst\u00e9rieuse du nom \u00ab Mouffetard \u00bb (colline romaine ou odeurs m\u00e9phitiques ?), tr\u00e9sor de plus de\r\n                      3 300 pi\u00e8ces d\u2019or retrouv\u00e9 dans un mur par des ouvriers, cabarets de po\u00e8tes, gar\u00e7onni\u00e8re du marquis de Sade, barricades des Mis\u00e9rables\u2026 et ces fameuses \u00ab convulsions \u00bb du cimeti\u00e8re Saint-M\u00e9dard, o\u00f9 des foules enti\u00e8res entraient en\r\n                      transe au XVIII\u1d49 si\u00e8cle.<\/p>\r\n                  <\/div>\r\n                <\/div>\r\n              <\/div>\r\n            <\/div>\r\n          <\/div>\r\n          <div class=\"h-column h-column-container d-flex h-col-lg-auto h-col-md-auto h-col-auto style-1265-outer style-local-2734-c17-outer\">\r\n            <div data-colibri-id=\"2734-c17\" class=\"d-flex h-flex-basis h-column__inner h-ui-empty-state-container h-px-lg-0 h-px-md-0 h-px-0 v-inner-lg-0 v-inner-md-0 v-inner-0 style-1265 style-local-2734-c17 position-relative\">\r\n              <!---->\r\n              <!---->\r\n              <div class=\"w-100 h-y-container h-column__content h-column__v-align flex-basis-100\">\r\n                <!---->\r\n              <\/div>\r\n            <\/div>\r\n          <\/div>\r\n        <\/div>\r\n      <\/div>\r\n      <div data-colibri-id=\"2734-c18\" class=\"h-row-container gutters-row-lg-2 gutters-row-md-2 gutters-row-0 gutters-row-v-lg-2 gutters-row-v-md-2 gutters-row-v-2 style-2244 style-local-2734-c18 position-relative\">\r\n        <!---->\r\n        <div class=\"h-row justify-content-lg-center justify-content-md-center justify-content-center align-items-lg-stretch align-items-md-stretch align-items-stretch gutters-col-lg-2 gutters-col-md-2 gutters-col-0 gutters-col-v-lg-2 gutters-col-v-md-2 gutters-col-v-2\">\r\n          <!---->\r\n          <div class=\"h-column h-column-container d-flex h-col-lg-auto h-col-md-auto h-col-auto style-2245-outer style-local-2734-c19-outer\">\r\n            <div data-colibri-id=\"2734-c19\" class=\"d-flex h-flex-basis h-column__inner h-px-lg-2 h-px-md-2 h-px-2 v-inner-lg-2 v-inner-md-2 v-inner-2 style-2245 style-local-2734-c19 position-relative\">\r\n              <!---->\r\n              <!---->\r\n              <div class=\"w-100 h-y-container h-column__content h-column__v-align flex-basis-100 align-self-lg-start align-self-md-start align-self-start\">\r\n                <!---->\r\n                <div data-colibri-id=\"2734-c20\" class=\"h-global-transition-all h-heading style-2246 style-local-2734-c20 position-relative h-element\">\r\n                  <!---->\r\n                  <div class=\"h-heading__outer style-2246 style-local-2734-c20\">\r\n                    <!---->\r\n                    <!---->\r\n                    <h1 class=\"\">Pendant cette visite vous :<\/h1>\r\n                  <\/div>\r\n                <\/div>\r\n                <div data-colibri-id=\"2734-c21\" class=\"h-text h-text-component style-2247 style-local-2734-c21 position-relative h-element\">\r\n                  <!---->\r\n                  <!---->\r\n                  <div class=\"\">\r\n                    <ul>\r\n                      <li>explorez \u00e0 pied le quartier du Jardin des Plantes, de la gare d\u2019Austerlitz \u00e0 l\u2019\u00e9glise Saint-M\u00e9dard, en passant par le Jardin, la Mosqu\u00e9e, les Ar\u00e8nes, la rue Monge et la rue Mouffetard ;\r\n                        <br>\r\n                      <\/li>\r\n                      <li>d\u00e9couvrez des histoires incroyables : saphir royal vol\u00e9 puis retrouv\u00e9, mosqu\u00e9e refuge, amphith\u00e9\u00e2tre antique perdu, tr\u00e9sor d\u2019or cach\u00e9 dans un mur, \u00e9crivains et philosophes r\u00e9unis dans quelques rues pav\u00e9es ;\r\n                        <br>\r\n                      <\/li>\r\n                      <li>apprenez \u00e0 rep\u00e9rer les d\u00e9tails qu\u2019on ne voit jamais : fa\u00e7ades d\u00e9cor\u00e9es, plaques discr\u00e8tes, mascarons, vestiges antiques, enseignes anciennes et traces de la Bi\u00e8vre disparue ;\r\n                        <br>\r\n                        <br>\r\n                      <\/li>\r\n                      <li>profitez de spots photo typiques : all\u00e9es du Jardin des Plantes, patios de la Mosqu\u00e9e, gradins des Ar\u00e8nes, escaliers de la rue Rollin, place de la Contrescarpe, march\u00e9 de la rue Mouffetard.\r\n                        <br>\r\n                      <\/li>\r\n                    <\/ul>\r\n                    <p>Plus qu\u2019une simple promenade, c\u2019est un voyage guid\u00e9 dans un \u00ab vieux Paris \u00bb plein de vie, de science, de foi, de litt\u00e9rature et de l\u00e9gendes.\r\n                      <br>\r\n                    <\/p>\r\n                    <p><span style=\"font-weight: 600;\">T\u00e9l\u00e9chargez gratuitement l\u2019application Audio Guide Paris et d\u00e9bloquez cette balade compl\u00e8te dans le quartier du Jardin des Plantes \u2014 id\u00e9ale pour ceux qui veulent traverser le 5\u1d49 d\u2019un seul trait\u2026 tout en collectionnant au passage tr\u00e9sors, myst\u00e8res et tr\u00e8s bonnes histoires \u00e0 raconter.<\/span><\/p>\r\n                  <\/div>\r\n                <\/div>\r\n                <div data-colibri-id=\"2734-c10\" class=\"h-row-container gutters-row-lg-2 gutters-row-md-2 gutters-row-0 gutters-row-v-lg-2 gutters-row-v-md-2 gutters-row-v-2 style-1323 style-local-2734-c10 position-relative\">\r\n                  <!---->\r\n                  <div class=\"h-row justify-content-lg-center justify-content-md-center justify-content-center align-items-lg-stretch align-items-md-stretch align-items-stretch gutters-col-lg-2 gutters-col-md-2 gutters-col-0 gutters-col-v-lg-2 gutters-col-v-md-2 gutters-col-v-2\">\r\n                    <!---->\r\n                    <div class=\"h-column h-column-container d-flex h-col-lg-auto h-col-md-auto h-col-auto style-1324-outer style-local-2734-c11-outer\">\r\n                      <div data-colibri-id=\"2734-c11\" class=\"d-flex h-flex-basis h-column__inner h-px-lg-2 h-px-md-2 h-px-2 v-inner-lg-2 v-inner-md-2 v-inner-2 style-1324 style-local-2734-c11 position-relative\">\r\n                        <!---->\r\n                        <!---->\r\n                        <div class=\"w-100 h-y-container h-column__content h-column__v-align flex-basis-100 align-self-lg-start align-self-md-start align-self-start\">\r\n                          <!---->\r\n                          <div data-colibri-id=\"2734-c12\" class=\"h-x-container style-1326 style-local-2734-c12 position-relative h-element\">\r\n                            <!---->\r\n                            <div class=\"h-x-container-inner style-dynamic-2734-c12-group style-1326-spacing style-local-2734-c12-spacing\"><span class=\"h-button__outer style-1327-outer style-local-2734-c13-outer d-inline-flex h-element\"><a h-use-smooth-scroll=\"true\" href=\"https:\/\/apps.apple.com\/gr\/app\/audio-guide-paris\/id6471984315\" target=\"_blank\"  data-colibri-id=\"2734-c13\" class=\"d-flex w-100 align-items-center h-button justify-content-lg-center justify-content-md-center justify-content-center style-1327 style-local-2734-c13 position-relative\"><!----><!----> <span>Apple store <\/span><\/a>\r\n                              <\/span>\r\n                            <\/div>\r\n                          <\/div>\r\n                        <\/div>\r\n                      <\/div>\r\n                    <\/div>\r\n                    <div class=\"h-column h-column-container d-flex h-col-lg-auto h-col-md-auto h-col-auto style-1325-outer style-local-2734-c14-outer\">\r\n                      <div data-colibri-id=\"2734-c14\" class=\"d-flex h-flex-basis h-column__inner h-px-lg-2 h-px-md-2 h-px-2 v-inner-lg-2 v-inner-md-2 v-inner-2 style-1325 style-local-2734-c14 position-relative\">\r\n                        <!---->\r\n                        <!---->\r\n                        <div class=\"w-100 h-y-container h-column__content h-column__v-align flex-basis-100 align-self-lg-start align-self-md-start align-self-start\">\r\n                          <!---->\r\n                          <div data-colibri-id=\"2734-c15\" class=\"h-x-container style-1328 style-local-2734-c15 position-relative h-element\">\r\n                            <!---->\r\n                            <div class=\"h-x-container-inner style-dynamic-2734-c15-group style-1328-spacing style-local-2734-c15-spacing\"><span class=\"h-button__outer style-1329-outer style-local-2734-c16-outer d-inline-flex h-element\"><a h-use-smooth-scroll=\"true\" href=\"https:\/\/play.google.com\/store\/apps\/details?id=com.audioguides_paris\" target=\"_blank\"  data-colibri-id=\"2734-c16\" class=\"d-flex w-100 align-items-center h-button justify-content-lg-center justify-content-md-center justify-content-center style-1329 style-local-2734-c16 position-relative\"><!----><!----> <span>google play <\/span><\/a>\r\n                              <\/span>\r\n                            <\/div>\r\n                          <\/div>\r\n                        <\/div>\r\n                      <\/div>\r\n                    <\/div>\r\n                  <\/div>\r\n                <\/div>\r\n              <\/div>\r\n            <\/div>\r\n          <\/div>\r\n        <\/div>\r\n      <\/div>\r\n    <\/div>\r\n  <\/div>\r\n<\/div>","protected":false},"excerpt":{"rendered":"<p>Balade \u00ab Les secrets du Jardin des Plantes &amp; de la rue Mouffetard \u00bb Et si, en partant d\u2019une simple gare, vous traversiez deux mille ans d\u2019histoires \u00e9tranges, de tr\u00e9sors cach\u00e9s, de miracles\u2026 et d\u2019odeurs franchement suspectes ? De la gare d\u2019Austerlitz \u00e0 l\u2019\u00e9glise Saint-M\u00e9dard, en passant par le Jardin des Plantes, la Grande Mosqu\u00e9e, [&hellip;]<\/p>\n","protected":false},"author":1,"featured_media":0,"parent":0,"menu_order":0,"comment_status":"closed","ping_status":"closed","template":"page-templates\/full-width-page.php","meta":{"footnotes":""},"class_list":["post-2734","page","type-page","status-publish","hentry"],"yoast_head":"<!-- This site is optimized with the Yoast SEO plugin v26.6 - https:\/\/yoast.com\/wordpress\/plugins\/seo\/ -->\n<title>Jardin des Plantes - Audio Guide Paris<\/title>\n<meta name=\"description\" content=\"D\u00e9couvrez le Jardin des Plantes, la Grande Mosqu\u00e9e, les Ar\u00e8nes de Lut\u00e8ce et la rue Mouffetard avec un audioguide \u00e0 Paris. Une balade riche en secrets, histoire et lieux embl\u00e9matiques du 5e arrondissement.\" \/>\n<meta name=\"robots\" content=\"index, follow, max-snippet:-1, max-image-preview:large, max-video-preview:-1\" \/>\n<link rel=\"canonical\" href=\"https:\/\/audioguide-paris.com\/index.php\/jardin-des-plantes\/\" \/>\n<meta property=\"og:locale\" content=\"fr_FR\" \/>\n<meta property=\"og:type\" content=\"article\" \/>\n<meta property=\"og:title\" content=\"Jardin des Plantes - Audio Guide Paris\" \/>\n<meta property=\"og:description\" content=\"D\u00e9couvrez le Jardin des Plantes, la Grande Mosqu\u00e9e, les Ar\u00e8nes de Lut\u00e8ce et la rue Mouffetard avec un audioguide \u00e0 Paris. Une balade riche en secrets, histoire et lieux embl\u00e9matiques du 5e arrondissement.\" \/>\n<meta property=\"og:url\" content=\"https:\/\/audioguide-paris.com\/index.php\/jardin-des-plantes\/\" \/>\n<meta property=\"og:site_name\" content=\"Audio Guide Paris\" \/>\n<meta property=\"article:publisher\" content=\"https:\/\/www.facebook.com\/profile.php?id=61558434027122\" \/>\n<meta property=\"article:modified_time\" content=\"2026-04-03T08:08:52+00:00\" \/>\n<meta name=\"twitter:card\" content=\"summary_large_image\" \/>\n<meta name=\"twitter:label1\" content=\"Dur\u00e9e de lecture estim\u00e9e\" \/>\n\t<meta name=\"twitter:data1\" content=\"3 minutes\" \/>\n<script type=\"application\/ld+json\" class=\"yoast-schema-graph\">{\"@context\":\"https:\/\/schema.org\",\"@graph\":[{\"@type\":\"WebPage\",\"@id\":\"https:\/\/audioguide-paris.com\/index.php\/jardin-des-plantes\/\",\"url\":\"https:\/\/audioguide-paris.com\/index.php\/jardin-des-plantes\/\",\"name\":\"Jardin des Plantes - Audio Guide Paris\",\"isPartOf\":{\"@id\":\"https:\/\/audioguide-paris.com\/#website\"},\"datePublished\":\"2025-11-24T15:07:31+00:00\",\"dateModified\":\"2026-04-03T08:08:52+00:00\",\"description\":\"D\u00e9couvrez le Jardin des Plantes, la Grande Mosqu\u00e9e, les Ar\u00e8nes de Lut\u00e8ce et la rue Mouffetard avec un audioguide \u00e0 Paris. Une balade riche en secrets, histoire et lieux embl\u00e9matiques du 5e arrondissement.\",\"breadcrumb\":{\"@id\":\"https:\/\/audioguide-paris.com\/index.php\/jardin-des-plantes\/#breadcrumb\"},\"inLanguage\":\"fr-FR\",\"potentialAction\":[{\"@type\":\"ReadAction\",\"target\":[\"https:\/\/audioguide-paris.com\/index.php\/jardin-des-plantes\/\"]}]},{\"@type\":\"BreadcrumbList\",\"@id\":\"https:\/\/audioguide-paris.com\/index.php\/jardin-des-plantes\/#breadcrumb\",\"itemListElement\":[{\"@type\":\"ListItem\",\"position\":1,\"name\":\"Accueil\",\"item\":\"https:\/\/audioguide-paris.com\/\"},{\"@type\":\"ListItem\",\"position\":2,\"name\":\"Jardin des Plantes\"}]},{\"@type\":\"WebSite\",\"@id\":\"https:\/\/audioguide-paris.com\/#website\",\"url\":\"https:\/\/audioguide-paris.com\/\",\"name\":\"Audio Guide Paris\",\"description\":\"D\u00e9couvrez les tr\u00e9sors de Paris en compagnie d\u2019un expert\",\"publisher\":{\"@id\":\"https:\/\/audioguide-paris.com\/#organization\"},\"potentialAction\":[{\"@type\":\"SearchAction\",\"target\":{\"@type\":\"EntryPoint\",\"urlTemplate\":\"https:\/\/audioguide-paris.com\/?s={search_term_string}\"},\"query-input\":{\"@type\":\"PropertyValueSpecification\",\"valueRequired\":true,\"valueName\":\"search_term_string\"}}],\"inLanguage\":\"fr-FR\"},{\"@type\":\"Organization\",\"@id\":\"https:\/\/audioguide-paris.com\/#organization\",\"name\":\"Audio Guide Paris\",\"url\":\"https:\/\/audioguide-paris.com\/\",\"logo\":{\"@type\":\"ImageObject\",\"inLanguage\":\"fr-FR\",\"@id\":\"https:\/\/audioguide-paris.com\/#\/schema\/logo\/image\/\",\"url\":\"https:\/\/audioguide-paris.com\/wp-content\/uploads\/2024\/04\/cropped-cropped-Logo-transparent.png\",\"contentUrl\":\"https:\/\/audioguide-paris.com\/wp-content\/uploads\/2024\/04\/cropped-cropped-Logo-transparent.png\",\"width\":898,\"height\":898,\"caption\":\"Audio Guide Paris\"},\"image\":{\"@id\":\"https:\/\/audioguide-paris.com\/#\/schema\/logo\/image\/\"},\"sameAs\":[\"https:\/\/www.facebook.com\/profile.php?id=61558434027122\",\"https:\/\/www.instagram.com\/audioguideparis\/\"]}]}<\/script>\n<!-- \/ Yoast SEO plugin. -->","yoast_head_json":{"title":"Jardin des Plantes - Audio Guide Paris","description":"D\u00e9couvrez le Jardin des Plantes, la Grande Mosqu\u00e9e, les Ar\u00e8nes de Lut\u00e8ce et la rue Mouffetard avec un audioguide \u00e0 Paris. Une balade riche en secrets, histoire et lieux embl\u00e9matiques du 5e arrondissement.","robots":{"index":"index","follow":"follow","max-snippet":"max-snippet:-1","max-image-preview":"max-image-preview:large","max-video-preview":"max-video-preview:-1"},"canonical":"https:\/\/audioguide-paris.com\/index.php\/jardin-des-plantes\/","og_locale":"fr_FR","og_type":"article","og_title":"Jardin des Plantes - Audio Guide Paris","og_description":"D\u00e9couvrez le Jardin des Plantes, la Grande Mosqu\u00e9e, les Ar\u00e8nes de Lut\u00e8ce et la rue Mouffetard avec un audioguide \u00e0 Paris. Une balade riche en secrets, histoire et lieux embl\u00e9matiques du 5e arrondissement.","og_url":"https:\/\/audioguide-paris.com\/index.php\/jardin-des-plantes\/","og_site_name":"Audio Guide Paris","article_publisher":"https:\/\/www.facebook.com\/profile.php?id=61558434027122","article_modified_time":"2026-04-03T08:08:52+00:00","twitter_card":"summary_large_image","twitter_misc":{"Dur\u00e9e de lecture estim\u00e9e":"3 minutes"},"schema":{"@context":"https:\/\/schema.org","@graph":[{"@type":"WebPage","@id":"https:\/\/audioguide-paris.com\/index.php\/jardin-des-plantes\/","url":"https:\/\/audioguide-paris.com\/index.php\/jardin-des-plantes\/","name":"Jardin des Plantes - Audio Guide Paris","isPartOf":{"@id":"https:\/\/audioguide-paris.com\/#website"},"datePublished":"2025-11-24T15:07:31+00:00","dateModified":"2026-04-03T08:08:52+00:00","description":"D\u00e9couvrez le Jardin des Plantes, la Grande Mosqu\u00e9e, les Ar\u00e8nes de Lut\u00e8ce et la rue Mouffetard avec un audioguide \u00e0 Paris. Une balade riche en secrets, histoire et lieux embl\u00e9matiques du 5e arrondissement.","breadcrumb":{"@id":"https:\/\/audioguide-paris.com\/index.php\/jardin-des-plantes\/#breadcrumb"},"inLanguage":"fr-FR","potentialAction":[{"@type":"ReadAction","target":["https:\/\/audioguide-paris.com\/index.php\/jardin-des-plantes\/"]}]},{"@type":"BreadcrumbList","@id":"https:\/\/audioguide-paris.com\/index.php\/jardin-des-plantes\/#breadcrumb","itemListElement":[{"@type":"ListItem","position":1,"name":"Accueil","item":"https:\/\/audioguide-paris.com\/"},{"@type":"ListItem","position":2,"name":"Jardin des Plantes"}]},{"@type":"WebSite","@id":"https:\/\/audioguide-paris.com\/#website","url":"https:\/\/audioguide-paris.com\/","name":"Audio Guide Paris","description":"D\u00e9couvrez les tr\u00e9sors de Paris en compagnie d\u2019un expert","publisher":{"@id":"https:\/\/audioguide-paris.com\/#organization"},"potentialAction":[{"@type":"SearchAction","target":{"@type":"EntryPoint","urlTemplate":"https:\/\/audioguide-paris.com\/?s={search_term_string}"},"query-input":{"@type":"PropertyValueSpecification","valueRequired":true,"valueName":"search_term_string"}}],"inLanguage":"fr-FR"},{"@type":"Organization","@id":"https:\/\/audioguide-paris.com\/#organization","name":"Audio Guide Paris","url":"https:\/\/audioguide-paris.com\/","logo":{"@type":"ImageObject","inLanguage":"fr-FR","@id":"https:\/\/audioguide-paris.com\/#\/schema\/logo\/image\/","url":"https:\/\/audioguide-paris.com\/wp-content\/uploads\/2024\/04\/cropped-cropped-Logo-transparent.png","contentUrl":"https:\/\/audioguide-paris.com\/wp-content\/uploads\/2024\/04\/cropped-cropped-Logo-transparent.png","width":898,"height":898,"caption":"Audio Guide Paris"},"image":{"@id":"https:\/\/audioguide-paris.com\/#\/schema\/logo\/image\/"},"sameAs":["https:\/\/www.facebook.com\/profile.php?id=61558434027122","https:\/\/www.instagram.com\/audioguideparis\/"]}]}},"_links":{"self":[{"href":"https:\/\/audioguide-paris.com\/index.php\/wp-json\/wp\/v2\/pages\/2734","targetHints":{"allow":["GET"]}}],"collection":[{"href":"https:\/\/audioguide-paris.com\/index.php\/wp-json\/wp\/v2\/pages"}],"about":[{"href":"https:\/\/audioguide-paris.com\/index.php\/wp-json\/wp\/v2\/types\/page"}],"author":[{"embeddable":true,"href":"https:\/\/audioguide-paris.com\/index.php\/wp-json\/wp\/v2\/users\/1"}],"replies":[{"embeddable":true,"href":"https:\/\/audioguide-paris.com\/index.php\/wp-json\/wp\/v2\/comments?post=2734"}],"version-history":[{"count":5,"href":"https:\/\/audioguide-paris.com\/index.php\/wp-json\/wp\/v2\/pages\/2734\/revisions"}],"predecessor-version":[{"id":4117,"href":"https:\/\/audioguide-paris.com\/index.php\/wp-json\/wp\/v2\/pages\/2734\/revisions\/4117"}],"wp:attachment":[{"href":"https:\/\/audioguide-paris.com\/index.php\/wp-json\/wp\/v2\/media?parent=2734"}],"curies":[{"name":"wp","href":"https:\/\/api.w.org\/{rel}","templated":true}]}}