{"id":2754,"date":"2025-11-24T16:24:00","date_gmt":"2025-11-24T15:24:00","guid":{"rendered":"https:\/\/audioguide-paris.com\/?page_id=2754"},"modified":"2026-04-03T10:12:11","modified_gmt":"2026-04-03T08:12:11","slug":"le-marais","status":"publish","type":"page","link":"https:\/\/audioguide-paris.com\/index.php\/le-marais\/","title":{"rendered":"Le Marais"},"content":{"rendered":"<div data-colibri-id=\"2754-c1\" class=\"style-1266 style-local-2754-c1 position-relative\">\r\n  <!---->\r\n  <div data-colibri-component=\"section\" data-colibri-id=\"2754-c2\" id=\"overlappable\" class=\"h-section h-section-global-spacing d-flex align-items-lg-center align-items-md-center align-items-center style-1267 style-local-2754-c2 position-relative\">\r\n    <!---->\r\n    <!---->\r\n    <div class=\"h-section-grid-container h-section-boxed-container\">\r\n      <!---->\r\n      <div data-colibri-id=\"2754-c3\" class=\"h-row-container gutters-row-lg-0 gutters-row-md-0 gutters-row-0 gutters-row-v-lg-0 gutters-row-v-md-0 gutters-row-v-0 style-1268 style-local-2754-c3 position-relative\">\r\n        <!---->\r\n        <div class=\"h-row justify-content-lg-center justify-content-md-center justify-content-center align-items-lg-stretch align-items-md-stretch align-items-stretch gutters-col-lg-0 gutters-col-md-0 gutters-col-0 gutters-col-v-lg-0 gutters-col-v-md-0 gutters-col-v-0\">\r\n          <!---->\r\n          <div class=\"h-column h-column-container d-flex h-col-lg-auto h-col-md-auto h-col-auto style-1269-outer style-local-2754-c4-outer\">\r\n            <div data-colibri-id=\"2754-c4\" class=\"d-flex h-flex-basis h-column__inner h-ui-empty-state-container h-px-lg-0 h-px-md-0 h-px-0 v-inner-lg-0 v-inner-md-0 v-inner-0 style-1269 style-local-2754-c4 position-relative\">\r\n              <!---->\r\n              <!---->\r\n              <div class=\"w-100 h-y-container h-column__content h-column__v-align flex-basis-100\">\r\n                <!---->\r\n              <\/div>\r\n            <\/div>\r\n          <\/div>\r\n          <div class=\"h-column h-column-container d-flex h-col-lg-auto h-col-md-auto h-col-auto style-1270-outer style-local-2754-c5-outer\">\r\n            <div data-colibri-id=\"2754-c5\" class=\"d-flex h-flex-basis h-column__inner h-px-lg-2 h-px-md-2 h-px-2 v-inner-lg-2 v-inner-md-2 v-inner-2 style-1270 style-local-2754-c5 position-relative\">\r\n              <!---->\r\n              <!---->\r\n              <div class=\"w-100 h-y-container h-column__content h-column__v-align flex-basis-100 align-self-lg-center align-self-md-center align-self-center\">\r\n                <!---->\r\n                <div data-colibri-id=\"2754-c6\" class=\"h-global-transition-all h-heading style-1271 style-local-2754-c6 position-relative h-element\">\r\n                  <!---->\r\n                  <div class=\"h-heading__outer style-1271 style-local-2754-c6\">\r\n                    <!---->\r\n                    <!---->\r\n                    <h4 class=\"\">Balade \u00ab Le Marais secret : du b\u00fbcher \u00e0 la Place des Vosges \u00bb<\/h4>\r\n                  <\/div>\r\n                <\/div>\r\n                <div data-colibri-id=\"2754-c7\" class=\"h-text h-text-component style-1272 style-local-2754-c7 position-relative h-element\">\r\n                  <!---->\r\n                  <!---->\r\n                  <div class=\"\">\r\n                    <p>Et si derri\u00e8re les fa\u00e7ades parfaites du Marais se cachaient des b\u00fbchers, des t\u00eates coup\u00e9es, des c\u0153urs de rois vol\u00e9s, des amants assassin\u00e9s et des l\u00e9gendes qu\u2019on ne raconte jamais en visite classique ? De la tour Saint-Jacques \u00e0 la\r\n                      place des Vosges, en passant par l\u2019H\u00f4tel de Ville, les ruelles m\u00e9di\u00e9vales, le Village Saint-Paul et les h\u00f4tels particuliers, cette balade vous fait traverser quinze si\u00e8cles d\u2019histoires, de crimes et de fant\u00f4mes au c\u0153ur de Paris.<\/p>\r\n                    <p>Pourquoi la place de l\u2019H\u00f4tel de Ville s\u2019appelait-elle autrefois \u00ab place de Gr\u00e8ve \u00bb et \u00e0 quoi servait vraiment cette guillotine qu\u2019on y a install\u00e9e en 1792 ? Que s\u2019est-il pass\u00e9 dans l\u2019\u00e9glise Saint-Gervais pendant la Saint-Barth\u00e9lemy\r\n                      ? D\u2019o\u00f9 vient cette expression \u00ab faire gr\u00e8ve \u00bb qui n\u2019a, \u00e0 l\u2019origine, rien \u00e0 voir avec les manifs ? L\u2019audio vous replonge dans un Paris de sable, de pendus et de grandes peurs, sous les pierres tr\u00e8s propres d\u2019aujourd\u2019hui.<\/p>\r\n                  <\/div>\r\n                <\/div>\r\n              <\/div>\r\n            <\/div>\r\n          <\/div>\r\n          <div class=\"h-column h-column-container d-flex h-col-lg-auto h-col-md-auto h-col-auto style-1270-outer style-local-2754-c8-outer\">\r\n            <div data-colibri-id=\"2754-c8\" class=\"d-flex h-flex-basis h-column__inner h-px-lg-2 h-px-md-2 h-px-2 v-inner-lg-2 v-inner-md-2 v-inner-2 style-1270 style-local-2754-c8 position-relative\">\r\n              <!---->\r\n              <!---->\r\n              <div class=\"w-100 h-y-container h-column__content h-column__v-align flex-basis-100 align-self-lg-center align-self-md-center align-self-center\">\r\n                <!---->\r\n                <div data-colibri-id=\"2754-c9\" class=\"h-text h-text-component style-1272 style-local-2754-c9 position-relative h-element\">\r\n                  <!---->\r\n                  <!---->\r\n                  <div class=\"\">\r\n                    <p>Plus loin, dans la rue Fran\u00e7ois-Miron et la rue des Barres, les maisons \u00e0 colombages et les courettes tranquilles deviennent les d\u00e9cors d\u2019histoires beaucoup moins sages : amante de reine retrouv\u00e9e dans un sac au fond de la Seine, ossements\r\n                      antiques sous les pav\u00e9s, village m\u00e9di\u00e9val reconstitu\u00e9 presque pierre par pierre. Dans l\u2019H\u00f4tel d\u2019Ourscamp, les moines cisterciens stockaient leurs r\u00e9coltes\u2026 et une l\u00e9gende raconte qu\u2019un ours r\u00e9quisitionn\u00e9 par saint \u00c9loi a d\u00fb finir\r\n                      le travail d\u2019un b\u0153uf tu\u00e9 par sa propre charrue.<\/p>\r\n                    <p>Le Village Saint-Paul, lui, ressemble \u00e0 une parenth\u00e8se bucolique ; mais sous vos pieds, l\u2019ancien cimeti\u00e8re Saint-\u00c9loi abrite encore \u2013 dit-on \u2013 les tombes de Fran\u00e7ois Rabelais et du myst\u00e9rieux Masque de Fer. \u00c0 l\u2019\u00e9glise Saint-Paul-Saint-Louis,\r\n                      vous d\u00e9couvrez l\u2019histoire compl\u00e8tement folle des c\u0153urs de Louis XIII et Louis XIV, vol\u00e9s pendant la R\u00e9volution puis r\u00e9duits\u2026 en pigment pourpre par un teinturier trop inventif. Quelques rues plus loin, un boulet de canon plant\u00e9 dans\r\n                      la fa\u00e7ade de l\u2019H\u00f4tel de Sens rappelle qu\u2019ici, m\u00eame les murs ont gard\u00e9 la m\u00e9moire des r\u00e9volutions.<\/p>\r\n                    <p>La balade s\u2019ach\u00e8ve place des Vosges : sous les arcades parfaites, vous d\u00e9couvrez l\u2019accident absurde qui a co\u00fbt\u00e9 la vie \u00e0 Henri II, la vengeance de Catherine de M\u00e9dicis qui fit raser l\u2019ancien palais, le pass\u00e9 de march\u00e9 aux chevaux,\r\n                      puis la naissance de la premi\u00e8re place royale de Paris\u2026 o\u00f9 aucun roi n\u2019a jamais vraiment habit\u00e9. Derri\u00e8re les fa\u00e7ades chic, Victor Hugo, duels, salons litt\u00e9raires, amoureux sur les pelouses et \u00e9pisodes sanglants composent un tableau\r\n                      beaucoup plus contrast\u00e9 que la carte postale.&nbsp;<\/p>\r\n                  <\/div>\r\n                <\/div>\r\n              <\/div>\r\n            <\/div>\r\n          <\/div>\r\n          <div class=\"h-column h-column-container d-flex h-col-lg-auto h-col-md-auto h-col-auto style-1275-outer style-local-2754-c17-outer\">\r\n            <div data-colibri-id=\"2754-c17\" class=\"d-flex h-flex-basis h-column__inner h-ui-empty-state-container h-px-lg-0 h-px-md-0 h-px-0 v-inner-lg-0 v-inner-md-0 v-inner-0 style-1275 style-local-2754-c17 position-relative\">\r\n              <!---->\r\n              <!---->\r\n              <div class=\"w-100 h-y-container h-column__content h-column__v-align flex-basis-100\">\r\n                <!---->\r\n              <\/div>\r\n            <\/div>\r\n          <\/div>\r\n        <\/div>\r\n      <\/div>\r\n      <div data-colibri-id=\"2754-c18\" class=\"h-row-container gutters-row-lg-2 gutters-row-md-2 gutters-row-0 gutters-row-v-lg-2 gutters-row-v-md-2 gutters-row-v-2 style-2248 style-local-2754-c18 position-relative\">\r\n        <!---->\r\n        <div class=\"h-row justify-content-lg-center justify-content-md-center justify-content-center align-items-lg-stretch align-items-md-stretch align-items-stretch gutters-col-lg-2 gutters-col-md-2 gutters-col-0 gutters-col-v-lg-2 gutters-col-v-md-2 gutters-col-v-2\">\r\n          <!---->\r\n          <div class=\"h-column h-column-container d-flex h-col-lg-auto h-col-md-auto h-col-auto style-2249-outer style-local-2754-c19-outer\">\r\n            <div data-colibri-id=\"2754-c19\" class=\"d-flex h-flex-basis h-column__inner h-px-lg-2 h-px-md-2 h-px-2 v-inner-lg-2 v-inner-md-2 v-inner-2 style-2249 style-local-2754-c19 position-relative\">\r\n              <!---->\r\n              <!---->\r\n              <div class=\"w-100 h-y-container h-column__content h-column__v-align flex-basis-100 align-self-lg-start align-self-md-start align-self-start\">\r\n                <!---->\r\n                <div data-colibri-id=\"2754-c20\" class=\"h-global-transition-all h-heading style-2250 style-local-2754-c20 position-relative h-element\">\r\n                  <!---->\r\n                  <div class=\"h-heading__outer style-2250 style-local-2754-c20\">\r\n                    <!---->\r\n                    <!---->\r\n                    <h1 class=\"\">Pendant cette visite vous :<\/h1>\r\n                  <\/div>\r\n                <\/div>\r\n                <div data-colibri-id=\"2754-c21\" class=\"h-text h-text-component style-2251 style-local-2754-c21 position-relative h-element\">\r\n                  <!---->\r\n                  <!---->\r\n                  <div class=\"\">\r\n                    <ul>\r\n                      <li>explorez \u00e0 pied le Marais historique, de la tour Saint-Jacques \u00e0 la place des Vosges, en passant par l\u2019H\u00f4tel de Ville, Saint-Gervais, Fran\u00e7ois-Miron, le Village Saint-Paul, l\u2019H\u00f4tel de Sens et Saint-Paul-Saint-Louis ;\r\n                        <br>\r\n                      <\/li>\r\n                      <li>d\u00e9couvrez des histoires fortes : guillotine de la place de Gr\u00e8ve, massacre de la Saint-Barth\u00e9lemy, amant de reine noy\u00e9 dans la Seine, c\u0153urs de rois r\u00e9duits en teinture, boulet de canon de 1830, fant\u00f4mes de cimeti\u00e8re oubli\u00e9 ;\r\n                        <br>\r\n                      <\/li>\r\n                      <li>apprenez \u00e0 rep\u00e9rer les d\u00e9tails qu\u2019on ne voit jamais : maisons m\u00e9di\u00e9vales cach\u00e9es, muraille de Philippe Auguste, passages discrets, traces de n\u00e9cropoles, inscriptions et cicatrices dans la pierre ;\r\n                        <br>\r\n                      <\/li>\r\n                      <li>profitez de spots photo magnifiques : tour Saint-Jacques, parvis de l\u2019H\u00f4tel de Ville, ruelles pav\u00e9es, maisons \u00e0 pans de bois, cours du Village Saint-Paul, h\u00f4tel de Sully, place des Vosges.\r\n                        <br>\r\n                      <\/li>\r\n                    <\/ul>\r\n                    <p>Plus qu\u2019une promenade jolie, c\u2019est un polar historique \u00e0 ciel ouvert dans le Marais : chaque arr\u00eat est une r\u00e9v\u00e9lation, chaque coin de rue ajoute un chapitre.\r\n                      <br><span style=\"font-weight: 600;\"> T\u00e9l\u00e9chargez gratuitement l\u2019application Audio Guide Paris et d\u00e9bloquez la balade compl\u00e8te \u00ab Le Marais secret \u00bb \u2014 id\u00e9ale pour (re)d\u00e9couvrir ce quartier mythique en profitant des histoires que les autres passants n\u2019entendront jamais.<\/span><\/p>\r\n                  <\/div>\r\n                <\/div>\r\n                <div data-colibri-id=\"2754-c10\" class=\"h-row-container gutters-row-lg-2 gutters-row-md-2 gutters-row-0 gutters-row-v-lg-2 gutters-row-v-md-2 gutters-row-v-2 style-1330 style-local-2754-c10 position-relative\">\r\n                  <!---->\r\n                  <div class=\"h-row justify-content-lg-center justify-content-md-center justify-content-center align-items-lg-stretch align-items-md-stretch align-items-stretch gutters-col-lg-2 gutters-col-md-2 gutters-col-0 gutters-col-v-lg-2 gutters-col-v-md-2 gutters-col-v-2\">\r\n                    <!---->\r\n                    <div class=\"h-column h-column-container d-flex h-col-lg-auto h-col-md-auto h-col-auto style-1331-outer style-local-2754-c11-outer\">\r\n                      <div data-colibri-id=\"2754-c11\" class=\"d-flex h-flex-basis h-column__inner h-px-lg-2 h-px-md-2 h-px-2 v-inner-lg-2 v-inner-md-2 v-inner-2 style-1331 style-local-2754-c11 position-relative\">\r\n                        <!---->\r\n                        <!---->\r\n                        <div class=\"w-100 h-y-container h-column__content h-column__v-align flex-basis-100 align-self-lg-start align-self-md-start align-self-start\">\r\n                          <!---->\r\n                          <div data-colibri-id=\"2754-c12\" class=\"h-x-container style-1333 style-local-2754-c12 position-relative h-element\">\r\n                            <!---->\r\n                            <div class=\"h-x-container-inner style-dynamic-2754-c12-group style-1333-spacing style-local-2754-c12-spacing\"><span class=\"h-button__outer style-1334-outer style-local-2754-c13-outer d-inline-flex h-element\"><a h-use-smooth-scroll=\"true\" href=\"https:\/\/apps.apple.com\/gr\/app\/audio-guide-paris\/id6471984315\" target=\"_blank\"  data-colibri-id=\"2754-c13\" class=\"d-flex w-100 align-items-center h-button justify-content-lg-center justify-content-md-center justify-content-center style-1334 style-local-2754-c13 position-relative\"><!----><!----> <span>apple store <\/span><\/a>\r\n                              <\/span>\r\n                            <\/div>\r\n                          <\/div>\r\n                        <\/div>\r\n                      <\/div>\r\n                    <\/div>\r\n                    <div class=\"h-column h-column-container d-flex h-col-lg-auto h-col-md-auto h-col-auto style-1332-outer style-local-2754-c14-outer\">\r\n                      <div data-colibri-id=\"2754-c14\" class=\"d-flex h-flex-basis h-column__inner h-px-lg-2 h-px-md-2 h-px-2 v-inner-lg-2 v-inner-md-2 v-inner-2 style-1332 style-local-2754-c14 position-relative\">\r\n                        <!---->\r\n                        <!---->\r\n                        <div class=\"w-100 h-y-container h-column__content h-column__v-align flex-basis-100 align-self-lg-start align-self-md-start align-self-start\">\r\n                          <!---->\r\n                          <div data-colibri-id=\"2754-c15\" class=\"h-x-container style-1335 style-local-2754-c15 position-relative h-element\">\r\n                            <!---->\r\n                            <div class=\"h-x-container-inner style-dynamic-2754-c15-group style-1335-spacing style-local-2754-c15-spacing\"><span class=\"h-button__outer style-1336-outer style-local-2754-c16-outer d-inline-flex h-element\"><a h-use-smooth-scroll=\"true\" href=\"https:\/\/play.google.com\/store\/apps\/details?id=com.audioguides_paris\" target=\"_blank\"  data-colibri-id=\"2754-c16\" class=\"d-flex w-100 align-items-center h-button justify-content-lg-center justify-content-md-center justify-content-center style-1336 style-local-2754-c16 position-relative\"><!----><!----> <span>google play<\/span><\/a>\r\n                              <\/span>\r\n                            <\/div>\r\n                          <\/div>\r\n                        <\/div>\r\n                      <\/div>\r\n                    <\/div>\r\n                  <\/div>\r\n                <\/div>\r\n              <\/div>\r\n            <\/div>\r\n          <\/div>\r\n        <\/div>\r\n      <\/div>\r\n    <\/div>\r\n  <\/div>\r\n<\/div>","protected":false},"excerpt":{"rendered":"<p>Balade \u00ab Le Marais secret : du b\u00fbcher \u00e0 la Place des Vosges \u00bb Et si derri\u00e8re les fa\u00e7ades parfaites du Marais se cachaient des b\u00fbchers, des t\u00eates coup\u00e9es, des c\u0153urs de rois vol\u00e9s, des amants assassin\u00e9s et des l\u00e9gendes qu\u2019on ne raconte jamais en visite classique ? De la tour Saint-Jacques \u00e0 la place [&hellip;]<\/p>\n","protected":false},"author":1,"featured_media":0,"parent":0,"menu_order":0,"comment_status":"closed","ping_status":"closed","template":"page-templates\/full-width-page.php","meta":{"footnotes":""},"class_list":["post-2754","page","type-page","status-publish","hentry"],"yoast_head":"<!-- This site is optimized with the Yoast SEO plugin v26.6 - https:\/\/yoast.com\/wordpress\/plugins\/seo\/ -->\n<title>Le Marais - Audio Guide Paris<\/title>\n<meta name=\"description\" content=\"Explorez Le Marais secret \u00e0 Paris lors d\u2019une balade audioguid\u00e9e de la tour Saint-Jacques \u00e0 la place des Vosges. Crimes, l\u00e9gendes, ruelles m\u00e9di\u00e9vales et histoires cach\u00e9es au c\u0153ur du quartier historique.\" \/>\n<meta name=\"robots\" content=\"index, follow, max-snippet:-1, max-image-preview:large, max-video-preview:-1\" \/>\n<link rel=\"canonical\" href=\"https:\/\/audioguide-paris.com\/index.php\/le-marais\/\" \/>\n<meta property=\"og:locale\" content=\"fr_FR\" \/>\n<meta property=\"og:type\" content=\"article\" \/>\n<meta property=\"og:title\" content=\"Le Marais - Audio Guide Paris\" \/>\n<meta property=\"og:description\" content=\"Explorez Le Marais secret \u00e0 Paris lors d\u2019une balade audioguid\u00e9e de la tour Saint-Jacques \u00e0 la place des Vosges. Crimes, l\u00e9gendes, ruelles m\u00e9di\u00e9vales et histoires cach\u00e9es au c\u0153ur du quartier historique.\" \/>\n<meta property=\"og:url\" content=\"https:\/\/audioguide-paris.com\/index.php\/le-marais\/\" \/>\n<meta property=\"og:site_name\" content=\"Audio Guide Paris\" \/>\n<meta property=\"article:publisher\" content=\"https:\/\/www.facebook.com\/profile.php?id=61558434027122\" \/>\n<meta property=\"article:modified_time\" content=\"2026-04-03T08:12:11+00:00\" \/>\n<meta name=\"twitter:card\" content=\"summary_large_image\" \/>\n<meta name=\"twitter:label1\" content=\"Dur\u00e9e de lecture estim\u00e9e\" \/>\n\t<meta name=\"twitter:data1\" content=\"4 minutes\" \/>\n<script type=\"application\/ld+json\" class=\"yoast-schema-graph\">{\"@context\":\"https:\/\/schema.org\",\"@graph\":[{\"@type\":\"WebPage\",\"@id\":\"https:\/\/audioguide-paris.com\/index.php\/le-marais\/\",\"url\":\"https:\/\/audioguide-paris.com\/index.php\/le-marais\/\",\"name\":\"Le Marais - Audio Guide Paris\",\"isPartOf\":{\"@id\":\"https:\/\/audioguide-paris.com\/#website\"},\"datePublished\":\"2025-11-24T15:24:00+00:00\",\"dateModified\":\"2026-04-03T08:12:11+00:00\",\"description\":\"Explorez Le Marais secret \u00e0 Paris lors d\u2019une balade audioguid\u00e9e de la tour Saint-Jacques \u00e0 la place des Vosges. Crimes, l\u00e9gendes, ruelles m\u00e9di\u00e9vales et histoires cach\u00e9es au c\u0153ur du quartier historique.\",\"breadcrumb\":{\"@id\":\"https:\/\/audioguide-paris.com\/index.php\/le-marais\/#breadcrumb\"},\"inLanguage\":\"fr-FR\",\"potentialAction\":[{\"@type\":\"ReadAction\",\"target\":[\"https:\/\/audioguide-paris.com\/index.php\/le-marais\/\"]}]},{\"@type\":\"BreadcrumbList\",\"@id\":\"https:\/\/audioguide-paris.com\/index.php\/le-marais\/#breadcrumb\",\"itemListElement\":[{\"@type\":\"ListItem\",\"position\":1,\"name\":\"Accueil\",\"item\":\"https:\/\/audioguide-paris.com\/\"},{\"@type\":\"ListItem\",\"position\":2,\"name\":\"Le Marais\"}]},{\"@type\":\"WebSite\",\"@id\":\"https:\/\/audioguide-paris.com\/#website\",\"url\":\"https:\/\/audioguide-paris.com\/\",\"name\":\"Audio Guide Paris\",\"description\":\"D\u00e9couvrez les tr\u00e9sors de Paris en compagnie d\u2019un expert\",\"publisher\":{\"@id\":\"https:\/\/audioguide-paris.com\/#organization\"},\"potentialAction\":[{\"@type\":\"SearchAction\",\"target\":{\"@type\":\"EntryPoint\",\"urlTemplate\":\"https:\/\/audioguide-paris.com\/?s={search_term_string}\"},\"query-input\":{\"@type\":\"PropertyValueSpecification\",\"valueRequired\":true,\"valueName\":\"search_term_string\"}}],\"inLanguage\":\"fr-FR\"},{\"@type\":\"Organization\",\"@id\":\"https:\/\/audioguide-paris.com\/#organization\",\"name\":\"Audio Guide Paris\",\"url\":\"https:\/\/audioguide-paris.com\/\",\"logo\":{\"@type\":\"ImageObject\",\"inLanguage\":\"fr-FR\",\"@id\":\"https:\/\/audioguide-paris.com\/#\/schema\/logo\/image\/\",\"url\":\"https:\/\/audioguide-paris.com\/wp-content\/uploads\/2024\/04\/cropped-cropped-Logo-transparent.png\",\"contentUrl\":\"https:\/\/audioguide-paris.com\/wp-content\/uploads\/2024\/04\/cropped-cropped-Logo-transparent.png\",\"width\":898,\"height\":898,\"caption\":\"Audio Guide Paris\"},\"image\":{\"@id\":\"https:\/\/audioguide-paris.com\/#\/schema\/logo\/image\/\"},\"sameAs\":[\"https:\/\/www.facebook.com\/profile.php?id=61558434027122\",\"https:\/\/www.instagram.com\/audioguideparis\/\"]}]}<\/script>\n<!-- \/ Yoast SEO plugin. -->","yoast_head_json":{"title":"Le Marais - Audio Guide Paris","description":"Explorez Le Marais secret \u00e0 Paris lors d\u2019une balade audioguid\u00e9e de la tour Saint-Jacques \u00e0 la place des Vosges. Crimes, l\u00e9gendes, ruelles m\u00e9di\u00e9vales et histoires cach\u00e9es au c\u0153ur du quartier historique.","robots":{"index":"index","follow":"follow","max-snippet":"max-snippet:-1","max-image-preview":"max-image-preview:large","max-video-preview":"max-video-preview:-1"},"canonical":"https:\/\/audioguide-paris.com\/index.php\/le-marais\/","og_locale":"fr_FR","og_type":"article","og_title":"Le Marais - Audio Guide Paris","og_description":"Explorez Le Marais secret \u00e0 Paris lors d\u2019une balade audioguid\u00e9e de la tour Saint-Jacques \u00e0 la place des Vosges. Crimes, l\u00e9gendes, ruelles m\u00e9di\u00e9vales et histoires cach\u00e9es au c\u0153ur du quartier historique.","og_url":"https:\/\/audioguide-paris.com\/index.php\/le-marais\/","og_site_name":"Audio Guide Paris","article_publisher":"https:\/\/www.facebook.com\/profile.php?id=61558434027122","article_modified_time":"2026-04-03T08:12:11+00:00","twitter_card":"summary_large_image","twitter_misc":{"Dur\u00e9e de lecture estim\u00e9e":"4 minutes"},"schema":{"@context":"https:\/\/schema.org","@graph":[{"@type":"WebPage","@id":"https:\/\/audioguide-paris.com\/index.php\/le-marais\/","url":"https:\/\/audioguide-paris.com\/index.php\/le-marais\/","name":"Le Marais - Audio Guide Paris","isPartOf":{"@id":"https:\/\/audioguide-paris.com\/#website"},"datePublished":"2025-11-24T15:24:00+00:00","dateModified":"2026-04-03T08:12:11+00:00","description":"Explorez Le Marais secret \u00e0 Paris lors d\u2019une balade audioguid\u00e9e de la tour Saint-Jacques \u00e0 la place des Vosges. Crimes, l\u00e9gendes, ruelles m\u00e9di\u00e9vales et histoires cach\u00e9es au c\u0153ur du quartier historique.","breadcrumb":{"@id":"https:\/\/audioguide-paris.com\/index.php\/le-marais\/#breadcrumb"},"inLanguage":"fr-FR","potentialAction":[{"@type":"ReadAction","target":["https:\/\/audioguide-paris.com\/index.php\/le-marais\/"]}]},{"@type":"BreadcrumbList","@id":"https:\/\/audioguide-paris.com\/index.php\/le-marais\/#breadcrumb","itemListElement":[{"@type":"ListItem","position":1,"name":"Accueil","item":"https:\/\/audioguide-paris.com\/"},{"@type":"ListItem","position":2,"name":"Le Marais"}]},{"@type":"WebSite","@id":"https:\/\/audioguide-paris.com\/#website","url":"https:\/\/audioguide-paris.com\/","name":"Audio Guide Paris","description":"D\u00e9couvrez les tr\u00e9sors de Paris en compagnie d\u2019un expert","publisher":{"@id":"https:\/\/audioguide-paris.com\/#organization"},"potentialAction":[{"@type":"SearchAction","target":{"@type":"EntryPoint","urlTemplate":"https:\/\/audioguide-paris.com\/?s={search_term_string}"},"query-input":{"@type":"PropertyValueSpecification","valueRequired":true,"valueName":"search_term_string"}}],"inLanguage":"fr-FR"},{"@type":"Organization","@id":"https:\/\/audioguide-paris.com\/#organization","name":"Audio Guide Paris","url":"https:\/\/audioguide-paris.com\/","logo":{"@type":"ImageObject","inLanguage":"fr-FR","@id":"https:\/\/audioguide-paris.com\/#\/schema\/logo\/image\/","url":"https:\/\/audioguide-paris.com\/wp-content\/uploads\/2024\/04\/cropped-cropped-Logo-transparent.png","contentUrl":"https:\/\/audioguide-paris.com\/wp-content\/uploads\/2024\/04\/cropped-cropped-Logo-transparent.png","width":898,"height":898,"caption":"Audio Guide Paris"},"image":{"@id":"https:\/\/audioguide-paris.com\/#\/schema\/logo\/image\/"},"sameAs":["https:\/\/www.facebook.com\/profile.php?id=61558434027122","https:\/\/www.instagram.com\/audioguideparis\/"]}]}},"_links":{"self":[{"href":"https:\/\/audioguide-paris.com\/index.php\/wp-json\/wp\/v2\/pages\/2754","targetHints":{"allow":["GET"]}}],"collection":[{"href":"https:\/\/audioguide-paris.com\/index.php\/wp-json\/wp\/v2\/pages"}],"about":[{"href":"https:\/\/audioguide-paris.com\/index.php\/wp-json\/wp\/v2\/types\/page"}],"author":[{"embeddable":true,"href":"https:\/\/audioguide-paris.com\/index.php\/wp-json\/wp\/v2\/users\/1"}],"replies":[{"embeddable":true,"href":"https:\/\/audioguide-paris.com\/index.php\/wp-json\/wp\/v2\/comments?post=2754"}],"version-history":[{"count":9,"href":"https:\/\/audioguide-paris.com\/index.php\/wp-json\/wp\/v2\/pages\/2754\/revisions"}],"predecessor-version":[{"id":4784,"href":"https:\/\/audioguide-paris.com\/index.php\/wp-json\/wp\/v2\/pages\/2754\/revisions\/4784"}],"wp:attachment":[{"href":"https:\/\/audioguide-paris.com\/index.php\/wp-json\/wp\/v2\/media?parent=2754"}],"curies":[{"name":"wp","href":"https:\/\/api.w.org\/{rel}","templated":true}]}}