{"id":2959,"date":"2025-11-27T18:06:44","date_gmt":"2025-11-27T17:06:44","guid":{"rendered":"https:\/\/audioguide-paris.com\/?page_id=2959"},"modified":"2026-02-27T16:40:47","modified_gmt":"2026-02-27T15:40:47","slug":"emily-sur-les-pas-demily-in-paris","status":"publish","type":"page","link":"https:\/\/audioguide-paris.com\/index.php\/emily-sur-les-pas-demily-in-paris\/","title":{"rendered":"Emily : sur les pas d\u2019Emily in Paris"},"content":{"rendered":"<div data-colibri-id=\"2959-c1\" class=\"style-1337 style-local-2959-c1 position-relative\">\r\n  <!---->\r\n  <div data-colibri-component=\"section\" data-colibri-id=\"2959-c2\" id=\"overlappable\" class=\"h-section h-section-global-spacing d-flex align-items-lg-center align-items-md-center align-items-center style-1338 style-local-2959-c2 position-relative\">\r\n    <!---->\r\n    <!---->\r\n    <div class=\"h-section-grid-container h-section-boxed-container\">\r\n      <!---->\r\n      <div data-colibri-id=\"2959-c3\" class=\"h-row-container gutters-row-lg-0 gutters-row-md-0 gutters-row-0 gutters-row-v-lg-0 gutters-row-v-md-0 gutters-row-v-0 style-1339 style-local-2959-c3 position-relative\">\r\n        <!---->\r\n        <div class=\"h-row justify-content-lg-center justify-content-md-center justify-content-center align-items-lg-stretch align-items-md-stretch align-items-stretch gutters-col-lg-0 gutters-col-md-0 gutters-col-0 gutters-col-v-lg-0 gutters-col-v-md-0 gutters-col-v-0\">\r\n          <!---->\r\n          <div class=\"h-column h-column-container d-flex h-col-lg-auto h-col-md-auto h-col-auto style-1340-outer style-local-2959-c4-outer\">\r\n            <div data-colibri-id=\"2959-c4\" class=\"d-flex h-flex-basis h-column__inner h-ui-empty-state-container h-px-lg-0 h-px-md-0 h-px-0 v-inner-lg-0 v-inner-md-0 v-inner-0 style-1340 style-local-2959-c4 position-relative\">\r\n              <!---->\r\n              <!---->\r\n              <div class=\"w-100 h-y-container h-column__content h-column__v-align flex-basis-100\">\r\n                <!---->\r\n              <\/div>\r\n            <\/div>\r\n          <\/div>\r\n          <div class=\"h-column h-column-container d-flex h-col-lg-auto h-col-md-auto h-col-auto style-1341-outer style-local-2959-c5-outer\">\r\n            <div data-colibri-id=\"2959-c5\" class=\"d-flex h-flex-basis h-column__inner h-px-lg-2 h-px-md-2 h-px-2 v-inner-lg-2 v-inner-md-2 v-inner-2 style-1341 style-local-2959-c5 position-relative\">\r\n              <!---->\r\n              <!---->\r\n              <div class=\"w-100 h-y-container h-column__content h-column__v-align flex-basis-100 align-self-lg-center align-self-md-center align-self-center\">\r\n                <!---->\r\n                <div data-colibri-id=\"2959-c6\" class=\"h-global-transition-all h-heading style-1342 style-local-2959-c6 position-relative h-element\">\r\n                  <!---->\r\n                  <div class=\"h-heading__outer style-1342 style-local-2959-c6\">\r\n                    <!---->\r\n                    <!---->\r\n                    <h4 class=\"\">Balade \u00ab Emily in Paris : sur les pas d\u2019Emily \u00bb<\/h4>\r\n                  <\/div>\r\n                <\/div>\r\n                <div data-colibri-id=\"2959-c7\" class=\"h-text h-text-component style-1343 style-local-2959-c7 position-relative h-element\">\r\n                  <!---->\r\n                  <!---->\r\n                  <div class=\"\">\r\n                    <p>Et si vous d\u00e9couvriez Paris \u00e0 travers les lieux de tournage d\u2019Emily in Paris\u2026 mais en version coulisses, entre histoire vraie, secrets et petites casseroles du pass\u00e9 ? Du Quartier Latin \u00e0 Montmartre, en passant par l\u2019\u00cele Saint-Louis,\r\n                      Saint-Germain, le Pont Alexandre III, le Palais-Royal, l\u2019Op\u00e9ra Garnier et les Galeries Lafayette, cette balade vous emm\u00e8ne l\u00e0 o\u00f9 Emily passe\u2026 et l\u00e0 o\u00f9 la s\u00e9rie ne vous dit pas tout.<\/p>\r\n                    <p>Vous commencez place de l\u2019Estrapade, devant l\u2019immeuble d\u2019Emily et la fameuse Boulangerie Moderne, th\u00e9\u00e2tre de son \u00ab premier orgasme culinaire \u00bb. Mais que cache vraiment ce nom d\u2019\u00ab estrapade \u00bb ? Vous d\u00e9couvrez qu\u2019avant les selfies et\r\n                      les croissants, cette adorable petite place \u00e9tait li\u00e9e \u00e0 un supplice particuli\u00e8rement cruel, et qu\u2019Emily s\u2019installe, sans le savoir, sur un ancien lieu de torture\u2026<\/p>\r\n                    <p>Plus loin, vous filez vers l\u2019\u00cele Saint-Louis et le Flore en l\u2019\u00cele, puis vers le Caf\u00e9 de Flore \u00e0 Saint-Germain, d\u00e9cor de conversations entre Emily et Mindy. L\u2019audio vous raconte ce qu\u2019il se passait ici bien avant Netflix : \u00e9crivains\r\n                      existentialistes, r\u00e9sistants pendant l\u2019Occupation, disputes litt\u00e9raires au milieu des caf\u00e9s-cr\u00e8mes\u2026 Vous ne verrez plus ces terrasses de la m\u00eame fa\u00e7on.<\/p>\r\n                  <\/div>\r\n                <\/div>\r\n              <\/div>\r\n            <\/div>\r\n          <\/div>\r\n          <div class=\"h-column h-column-container d-flex h-col-lg-auto h-col-md-auto h-col-auto style-1341-outer style-local-2959-c8-outer\">\r\n            <div data-colibri-id=\"2959-c8\" class=\"d-flex h-flex-basis h-column__inner h-px-lg-2 h-px-md-2 h-px-2 v-inner-lg-2 v-inner-md-2 v-inner-2 style-1341 style-local-2959-c8 position-relative\">\r\n              <!---->\r\n              <!---->\r\n              <div class=\"w-100 h-y-container h-column__content h-column__v-align flex-basis-100 align-self-lg-center align-self-md-center align-self-center\">\r\n                <!---->\r\n                <div data-colibri-id=\"2959-c9\" class=\"h-text h-text-component style-1343 style-local-2959-c9 position-relative h-element\">\r\n                  <!---->\r\n                  <!---->\r\n                  <div class=\"\">\r\n                    <p>Sur le Pont Alexandre III, d\u00e9cor de la pub \u00ab Sexy or Sexist ? \u00bb, vous d\u00e9couvrez pourquoi ce pont a failli dispara\u00eetre pendant la Seconde Guerre mondiale, comment il est devenu star des Jeux olympiques 2024, et ce que cachent ses nymphes,\r\n                      cand\u00e9labres et statues dor\u00e9es. Place de Valois et Jardin du Palais-Royal, vous entrez dans la \u00ab vraie vie \u00bb de l\u2019agence Savoir : palais de pouvoir, colonnes contemporaines, jardins secrets, restaurant mythique o\u00f9 Emily se plante\r\n                      sur une r\u00e9servation\u2026 et sauve tout de m\u00eame la mise.<\/p>\r\n                    <p>La balade vous entra\u00eene ensuite de la Place Vend\u00f4me \u00e0 l\u2019Op\u00e9ra Garnier et aux Galeries Lafayette : \u00e9v\u00e9nement Dior dans un ancien h\u00f4tel particulier li\u00e9 \u00e0 Madame de Pompadour, anecdotes improbables de chanteurs d\u2019op\u00e9ra, m\u00e9decin de garde\r\n                      pay\u00e9 en billets\u2026 de spectacle, coupole Art nouveau des Galeries o\u00f9 l\u2019on imagine tr\u00e8s bien Emily en pleine session shopping, puis mont\u00e9e vers Montmartre, la Place Dalida et la Maison Rose, entre campagnes de pub d\u00e9lirantes, statue\r\n                      porte-bonheur en amour et restaurant fr\u00e9quent\u00e9 par Picasso qui, dit-on, payait parfois en dessins.<\/p>\r\n                  <\/div>\r\n                <\/div>\r\n              <\/div>\r\n            <\/div>\r\n          <\/div>\r\n          <div class=\"h-column h-column-container d-flex h-col-lg-auto h-col-md-auto h-col-auto style-1346-outer style-local-2959-c17-outer\">\r\n            <div data-colibri-id=\"2959-c17\" class=\"d-flex h-flex-basis h-column__inner h-ui-empty-state-container h-px-lg-0 h-px-md-0 h-px-0 v-inner-lg-0 v-inner-md-0 v-inner-0 style-1346 style-local-2959-c17 position-relative\">\r\n              <!---->\r\n              <!---->\r\n              <div class=\"w-100 h-y-container h-column__content h-column__v-align flex-basis-100\">\r\n                <!---->\r\n              <\/div>\r\n            <\/div>\r\n          <\/div>\r\n        <\/div>\r\n      <\/div>\r\n      <div data-colibri-id=\"2959-c18\" class=\"h-row-container gutters-row-lg-2 gutters-row-md-2 gutters-row-0 gutters-row-v-lg-2 gutters-row-v-md-2 gutters-row-v-2 style-2230 style-local-2959-c18 position-relative\">\r\n        <!---->\r\n        <div class=\"h-row justify-content-lg-center justify-content-md-center justify-content-center align-items-lg-stretch align-items-md-stretch align-items-stretch gutters-col-lg-2 gutters-col-md-2 gutters-col-0 gutters-col-v-lg-2 gutters-col-v-md-2 gutters-col-v-2\">\r\n          <!---->\r\n          <div class=\"h-column h-column-container d-flex h-col-lg-auto h-col-md-auto h-col-auto style-2231-outer style-local-2959-c19-outer\">\r\n            <div data-colibri-id=\"2959-c19\" class=\"d-flex h-flex-basis h-column__inner h-px-lg-2 h-px-md-2 h-px-2 v-inner-lg-2 v-inner-md-2 v-inner-2 style-2231 style-local-2959-c19 position-relative\">\r\n              <!---->\r\n              <!---->\r\n              <div class=\"w-100 h-y-container h-column__content h-column__v-align flex-basis-100 align-self-lg-start align-self-md-start align-self-start\">\r\n                <!---->\r\n                <div data-colibri-id=\"2959-c20\" class=\"h-global-transition-all h-heading style-2232 style-local-2959-c20 position-relative h-element\">\r\n                  <!---->\r\n                  <div class=\"h-heading__outer style-2232 style-local-2959-c20\">\r\n                    <!---->\r\n                    <!---->\r\n                    <h1 class=\"\">Pendant cette visite vous :<\/h1>\r\n                  <\/div>\r\n                <\/div>\r\n                <div data-colibri-id=\"2959-c21\" class=\"h-text h-text-component style-2233 style-local-2959-c21 position-relative h-element\">\r\n                  <!---->\r\n                  <!---->\r\n                  <div class=\"\">\r\n                    <ul>\r\n                      <li>suivez \u00e0 pied les principaux lieux de tournage d\u2019Emily in Paris, du Quartier Latin \u00e0 Montmartre, en passant par la Seine, Saint-Germain, le Pont Alexandre III et l\u2019Op\u00e9ra ;\r\n                        <br>\r\n                      <\/li>\r\n                      <li>d\u00e9couvrez ce que la s\u00e9rie ne montre pas : supplice de l\u2019estrapade, ancienne muraille m\u00e9di\u00e9vale, caf\u00e9s d\u2019intellos et de r\u00e9sistants, secrets du pont Alexandre III, coulisses du Palais-Royal et anecdotes folles de l\u2019Op\u00e9ra Garnier ;\r\n                        <br>\r\n                      <\/li>\r\n                      <li>profitez de spots photo ultra-instagrammables : place de l\u2019Estrapade, \u00cele Saint-Louis, Caf\u00e9 de Flore, Pont Alexandre III, jardins du Palais-Royal, coupole des Galeries Lafayette, ruelles de Montmartre, Maison Rose ;\r\n                        <br>\r\n                      <\/li>\r\n                      <li>vivez une exp\u00e9rience immersive, ludique et romantique, loin des simples listes d\u2019adresses qu\u2019on trouve sur internet.\r\n                        <br>\r\n                      <\/li>\r\n                    <\/ul>\r\n                    <p>Plus qu\u2019une chasse aux lieux de tournage, c\u2019est une plong\u00e9e dans un Paris de s\u00e9rie\u2026 mais avec les vraies histoires derri\u00e8re chaque sc\u00e8ne.\r\n                      <br>\r\n                    <\/p>\r\n                    <p><span style=\"font-weight: 600;\">T\u00e9l\u00e9chargez l\u2019application Audio Guide Paris et d\u00e9bloquez la balade compl\u00e8te \u00ab Emily in Paris \u00bb \u2014 le parcours id\u00e9al pour les fans de la s\u00e9rie, les amoureux de Paris et tous ceux qui veulent transformer leurs \u00e9pisodes pr\u00e9f\u00e9r\u00e9s en vraie promenade dans la ville.<\/span><\/p>\r\n                  <\/div>\r\n                <\/div>\r\n                <div data-colibri-id=\"2959-c10\" class=\"h-row-container gutters-row-lg-2 gutters-row-md-2 gutters-row-0 gutters-row-v-lg-2 gutters-row-v-md-2 gutters-row-v-2 style-1347 style-local-2959-c10 position-relative\">\r\n                  <!---->\r\n                  <div class=\"h-row justify-content-lg-center justify-content-md-center justify-content-center align-items-lg-stretch align-items-md-stretch align-items-stretch gutters-col-lg-2 gutters-col-md-2 gutters-col-0 gutters-col-v-lg-2 gutters-col-v-md-2 gutters-col-v-2\">\r\n                    <!---->\r\n                    <div class=\"h-column h-column-container d-flex h-col-lg-auto h-col-md-auto h-col-auto style-1348-outer style-local-2959-c11-outer\">\r\n                      <div data-colibri-id=\"2959-c11\" class=\"d-flex h-flex-basis h-column__inner h-px-lg-2 h-px-md-2 h-px-2 v-inner-lg-2 v-inner-md-2 v-inner-2 style-1348 style-local-2959-c11 position-relative\">\r\n                        <!---->\r\n                        <!---->\r\n                        <div class=\"w-100 h-y-container h-column__content h-column__v-align flex-basis-100 align-self-lg-start align-self-md-start align-self-start\">\r\n                          <!---->\r\n                          <div data-colibri-id=\"2959-c12\" class=\"h-x-container style-1350 style-local-2959-c12 position-relative h-element\">\r\n                            <!---->\r\n                            <div class=\"h-x-container-inner style-dynamic-2959-c12-group style-1350-spacing style-local-2959-c12-spacing\"><span class=\"h-button__outer style-1351-outer style-local-2959-c13-outer d-inline-flex h-element\"><a h-use-smooth-scroll=\"true\" href=\"https:\/\/apps.apple.com\/gr\/app\/audio-guide-paris\/id6471984315\" target=\"_blank\"  data-colibri-id=\"2959-c13\" class=\"d-flex w-100 align-items-center h-button justify-content-lg-center justify-content-md-center justify-content-center style-1351 style-local-2959-c13 position-relative\"><!----><!----> <span>Apple store<\/span><\/a>\r\n                              <\/span>\r\n                            <\/div>\r\n                          <\/div>\r\n                        <\/div>\r\n                      <\/div>\r\n                    <\/div>\r\n                    <div class=\"h-column h-column-container d-flex h-col-lg-auto h-col-md-auto h-col-auto style-1349-outer style-local-2959-c14-outer\">\r\n                      <div data-colibri-id=\"2959-c14\" class=\"d-flex h-flex-basis h-column__inner h-px-lg-2 h-px-md-2 h-px-2 v-inner-lg-2 v-inner-md-2 v-inner-2 style-1349 style-local-2959-c14 position-relative\">\r\n                        <!---->\r\n                        <!---->\r\n                        <div class=\"w-100 h-y-container h-column__content h-column__v-align flex-basis-100 align-self-lg-start align-self-md-start align-self-start\">\r\n                          <!---->\r\n                          <div data-colibri-id=\"2959-c15\" class=\"h-x-container style-1352 style-local-2959-c15 position-relative h-element\">\r\n                            <!---->\r\n                            <div class=\"h-x-container-inner style-dynamic-2959-c15-group style-1352-spacing style-local-2959-c15-spacing\"><span class=\"h-button__outer style-1353-outer style-local-2959-c16-outer d-inline-flex h-element\"><a h-use-smooth-scroll=\"true\" href=\"https:\/\/play.google.com\/store\/apps\/details?id=com.audioguides_paris\" target=\"_blank\"  data-colibri-id=\"2959-c16\" class=\"d-flex w-100 align-items-center h-button justify-content-lg-center justify-content-md-center justify-content-center style-1353 style-local-2959-c16 position-relative\"><!----><!----> <span>Google play<\/span><\/a>\r\n                              <\/span>\r\n                            <\/div>\r\n                          <\/div>\r\n                        <\/div>\r\n                      <\/div>\r\n                    <\/div>\r\n                  <\/div>\r\n                <\/div>\r\n              <\/div>\r\n            <\/div>\r\n          <\/div>\r\n        <\/div>\r\n      <\/div>\r\n    <\/div>\r\n  <\/div>\r\n<\/div>","protected":false},"excerpt":{"rendered":"<p>Balade \u00ab Emily in Paris : sur les pas d\u2019Emily \u00bb Et si vous d\u00e9couvriez Paris \u00e0 travers les lieux de tournage d\u2019Emily in Paris\u2026 mais en version coulisses, entre histoire vraie, secrets et petites casseroles du pass\u00e9 ? Du Quartier Latin \u00e0 Montmartre, en passant par l\u2019\u00cele Saint-Louis, Saint-Germain, le Pont Alexandre III, le [&hellip;]<\/p>\n","protected":false},"author":1,"featured_media":0,"parent":0,"menu_order":0,"comment_status":"closed","ping_status":"closed","template":"page-templates\/full-width-page.php","meta":{"footnotes":""},"class_list":["post-2959","page","type-page","status-publish","hentry"],"yoast_head":"<!-- This site is optimized with the Yoast SEO plugin v26.6 - https:\/\/yoast.com\/wordpress\/plugins\/seo\/ -->\n<title>Emily : sur les pas d\u2019Emily in Paris - Audio Guide Paris<\/title>\n<meta name=\"description\" content=\"Suivez un parcours inspir\u00e9 de Emily in Paris : lieux iconiques, caf\u00e9s et points de vue. Audioguide, carte, \u00e9tapes et anecdotes.\" \/>\n<meta name=\"robots\" content=\"index, follow, max-snippet:-1, max-image-preview:large, max-video-preview:-1\" \/>\n<link rel=\"canonical\" href=\"https:\/\/audioguide-paris.com\/index.php\/emily-sur-les-pas-demily-in-paris\/\" \/>\n<meta property=\"og:locale\" content=\"fr_FR\" \/>\n<meta property=\"og:type\" content=\"article\" \/>\n<meta property=\"og:title\" content=\"Emily : sur les pas d\u2019Emily in Paris - Audio Guide Paris\" \/>\n<meta property=\"og:description\" content=\"Suivez un parcours inspir\u00e9 de Emily in Paris : lieux iconiques, caf\u00e9s et points de vue. Audioguide, carte, \u00e9tapes et anecdotes.\" \/>\n<meta property=\"og:url\" content=\"https:\/\/audioguide-paris.com\/index.php\/emily-sur-les-pas-demily-in-paris\/\" \/>\n<meta property=\"og:site_name\" content=\"Audio Guide Paris\" \/>\n<meta property=\"article:publisher\" content=\"https:\/\/www.facebook.com\/profile.php?id=61558434027122\" \/>\n<meta property=\"article:modified_time\" content=\"2026-02-27T15:40:47+00:00\" \/>\n<meta name=\"twitter:card\" content=\"summary_large_image\" \/>\n<meta name=\"twitter:label1\" content=\"Dur\u00e9e de lecture estim\u00e9e\" \/>\n\t<meta name=\"twitter:data1\" content=\"3 minutes\" \/>\n<script type=\"application\/ld+json\" class=\"yoast-schema-graph\">{\"@context\":\"https:\/\/schema.org\",\"@graph\":[{\"@type\":\"WebPage\",\"@id\":\"https:\/\/audioguide-paris.com\/index.php\/emily-sur-les-pas-demily-in-paris\/\",\"url\":\"https:\/\/audioguide-paris.com\/index.php\/emily-sur-les-pas-demily-in-paris\/\",\"name\":\"Emily : sur les pas d\u2019Emily in Paris - Audio Guide Paris\",\"isPartOf\":{\"@id\":\"https:\/\/audioguide-paris.com\/#website\"},\"datePublished\":\"2025-11-27T17:06:44+00:00\",\"dateModified\":\"2026-02-27T15:40:47+00:00\",\"description\":\"Suivez un parcours inspir\u00e9 de Emily in Paris : lieux iconiques, caf\u00e9s et points de vue. Audioguide, carte, \u00e9tapes et anecdotes.\",\"breadcrumb\":{\"@id\":\"https:\/\/audioguide-paris.com\/index.php\/emily-sur-les-pas-demily-in-paris\/#breadcrumb\"},\"inLanguage\":\"fr-FR\",\"potentialAction\":[{\"@type\":\"ReadAction\",\"target\":[\"https:\/\/audioguide-paris.com\/index.php\/emily-sur-les-pas-demily-in-paris\/\"]}]},{\"@type\":\"BreadcrumbList\",\"@id\":\"https:\/\/audioguide-paris.com\/index.php\/emily-sur-les-pas-demily-in-paris\/#breadcrumb\",\"itemListElement\":[{\"@type\":\"ListItem\",\"position\":1,\"name\":\"Accueil\",\"item\":\"https:\/\/audioguide-paris.com\/\"},{\"@type\":\"ListItem\",\"position\":2,\"name\":\"Emilie \u00e0 Paris\"}]},{\"@type\":\"WebSite\",\"@id\":\"https:\/\/audioguide-paris.com\/#website\",\"url\":\"https:\/\/audioguide-paris.com\/\",\"name\":\"Audio Guide Paris\",\"description\":\"D\u00e9couvrez les tr\u00e9sors de Paris en compagnie d\u2019un expert\",\"publisher\":{\"@id\":\"https:\/\/audioguide-paris.com\/#organization\"},\"potentialAction\":[{\"@type\":\"SearchAction\",\"target\":{\"@type\":\"EntryPoint\",\"urlTemplate\":\"https:\/\/audioguide-paris.com\/?s={search_term_string}\"},\"query-input\":{\"@type\":\"PropertyValueSpecification\",\"valueRequired\":true,\"valueName\":\"search_term_string\"}}],\"inLanguage\":\"fr-FR\"},{\"@type\":\"Organization\",\"@id\":\"https:\/\/audioguide-paris.com\/#organization\",\"name\":\"Audio Guide Paris\",\"url\":\"https:\/\/audioguide-paris.com\/\",\"logo\":{\"@type\":\"ImageObject\",\"inLanguage\":\"fr-FR\",\"@id\":\"https:\/\/audioguide-paris.com\/#\/schema\/logo\/image\/\",\"url\":\"https:\/\/audioguide-paris.com\/wp-content\/uploads\/2024\/04\/cropped-cropped-Logo-transparent.png\",\"contentUrl\":\"https:\/\/audioguide-paris.com\/wp-content\/uploads\/2024\/04\/cropped-cropped-Logo-transparent.png\",\"width\":898,\"height\":898,\"caption\":\"Audio Guide Paris\"},\"image\":{\"@id\":\"https:\/\/audioguide-paris.com\/#\/schema\/logo\/image\/\"},\"sameAs\":[\"https:\/\/www.facebook.com\/profile.php?id=61558434027122\",\"https:\/\/www.instagram.com\/audioguideparis\/\"]}]}<\/script>\n<!-- \/ Yoast SEO plugin. -->","yoast_head_json":{"title":"Emily : sur les pas d\u2019Emily in Paris - Audio Guide Paris","description":"Suivez un parcours inspir\u00e9 de Emily in Paris : lieux iconiques, caf\u00e9s et points de vue. Audioguide, carte, \u00e9tapes et anecdotes.","robots":{"index":"index","follow":"follow","max-snippet":"max-snippet:-1","max-image-preview":"max-image-preview:large","max-video-preview":"max-video-preview:-1"},"canonical":"https:\/\/audioguide-paris.com\/index.php\/emily-sur-les-pas-demily-in-paris\/","og_locale":"fr_FR","og_type":"article","og_title":"Emily : sur les pas d\u2019Emily in Paris - Audio Guide Paris","og_description":"Suivez un parcours inspir\u00e9 de Emily in Paris : lieux iconiques, caf\u00e9s et points de vue. Audioguide, carte, \u00e9tapes et anecdotes.","og_url":"https:\/\/audioguide-paris.com\/index.php\/emily-sur-les-pas-demily-in-paris\/","og_site_name":"Audio Guide Paris","article_publisher":"https:\/\/www.facebook.com\/profile.php?id=61558434027122","article_modified_time":"2026-02-27T15:40:47+00:00","twitter_card":"summary_large_image","twitter_misc":{"Dur\u00e9e de lecture estim\u00e9e":"3 minutes"},"schema":{"@context":"https:\/\/schema.org","@graph":[{"@type":"WebPage","@id":"https:\/\/audioguide-paris.com\/index.php\/emily-sur-les-pas-demily-in-paris\/","url":"https:\/\/audioguide-paris.com\/index.php\/emily-sur-les-pas-demily-in-paris\/","name":"Emily : sur les pas d\u2019Emily in Paris - Audio Guide Paris","isPartOf":{"@id":"https:\/\/audioguide-paris.com\/#website"},"datePublished":"2025-11-27T17:06:44+00:00","dateModified":"2026-02-27T15:40:47+00:00","description":"Suivez un parcours inspir\u00e9 de Emily in Paris : lieux iconiques, caf\u00e9s et points de vue. Audioguide, carte, \u00e9tapes et anecdotes.","breadcrumb":{"@id":"https:\/\/audioguide-paris.com\/index.php\/emily-sur-les-pas-demily-in-paris\/#breadcrumb"},"inLanguage":"fr-FR","potentialAction":[{"@type":"ReadAction","target":["https:\/\/audioguide-paris.com\/index.php\/emily-sur-les-pas-demily-in-paris\/"]}]},{"@type":"BreadcrumbList","@id":"https:\/\/audioguide-paris.com\/index.php\/emily-sur-les-pas-demily-in-paris\/#breadcrumb","itemListElement":[{"@type":"ListItem","position":1,"name":"Accueil","item":"https:\/\/audioguide-paris.com\/"},{"@type":"ListItem","position":2,"name":"Emilie \u00e0 Paris"}]},{"@type":"WebSite","@id":"https:\/\/audioguide-paris.com\/#website","url":"https:\/\/audioguide-paris.com\/","name":"Audio Guide Paris","description":"D\u00e9couvrez les tr\u00e9sors de Paris en compagnie d\u2019un expert","publisher":{"@id":"https:\/\/audioguide-paris.com\/#organization"},"potentialAction":[{"@type":"SearchAction","target":{"@type":"EntryPoint","urlTemplate":"https:\/\/audioguide-paris.com\/?s={search_term_string}"},"query-input":{"@type":"PropertyValueSpecification","valueRequired":true,"valueName":"search_term_string"}}],"inLanguage":"fr-FR"},{"@type":"Organization","@id":"https:\/\/audioguide-paris.com\/#organization","name":"Audio Guide Paris","url":"https:\/\/audioguide-paris.com\/","logo":{"@type":"ImageObject","inLanguage":"fr-FR","@id":"https:\/\/audioguide-paris.com\/#\/schema\/logo\/image\/","url":"https:\/\/audioguide-paris.com\/wp-content\/uploads\/2024\/04\/cropped-cropped-Logo-transparent.png","contentUrl":"https:\/\/audioguide-paris.com\/wp-content\/uploads\/2024\/04\/cropped-cropped-Logo-transparent.png","width":898,"height":898,"caption":"Audio Guide Paris"},"image":{"@id":"https:\/\/audioguide-paris.com\/#\/schema\/logo\/image\/"},"sameAs":["https:\/\/www.facebook.com\/profile.php?id=61558434027122","https:\/\/www.instagram.com\/audioguideparis\/"]}]}},"_links":{"self":[{"href":"https:\/\/audioguide-paris.com\/index.php\/wp-json\/wp\/v2\/pages\/2959","targetHints":{"allow":["GET"]}}],"collection":[{"href":"https:\/\/audioguide-paris.com\/index.php\/wp-json\/wp\/v2\/pages"}],"about":[{"href":"https:\/\/audioguide-paris.com\/index.php\/wp-json\/wp\/v2\/types\/page"}],"author":[{"embeddable":true,"href":"https:\/\/audioguide-paris.com\/index.php\/wp-json\/wp\/v2\/users\/1"}],"replies":[{"embeddable":true,"href":"https:\/\/audioguide-paris.com\/index.php\/wp-json\/wp\/v2\/comments?post=2959"}],"version-history":[{"count":7,"href":"https:\/\/audioguide-paris.com\/index.php\/wp-json\/wp\/v2\/pages\/2959\/revisions"}],"predecessor-version":[{"id":4661,"href":"https:\/\/audioguide-paris.com\/index.php\/wp-json\/wp\/v2\/pages\/2959\/revisions\/4661"}],"wp:attachment":[{"href":"https:\/\/audioguide-paris.com\/index.php\/wp-json\/wp\/v2\/media?parent=2959"}],"curies":[{"name":"wp","href":"https:\/\/api.w.org\/{rel}","templated":true}]}}