{"id":3966,"date":"2025-12-16T14:05:17","date_gmt":"2025-12-16T13:05:17","guid":{"rendered":"https:\/\/audioguide-paris.com\/?page_id=3966"},"modified":"2026-04-03T10:31:01","modified_gmt":"2026-04-03T08:31:01","slug":"the-marais-2","status":"publish","type":"page","link":"https:\/\/audioguide-paris.com\/index.php\/en\/the-marais-2\/","title":{"rendered":"The Marais"},"content":{"rendered":"<div data-colibri-id=\"3966-c1\" class=\"style-2100 style-local-3966-c1 position-relative\">\r\n  <!---->\r\n  <div data-colibri-component=\"section\" data-colibri-id=\"3966-c2\" id=\"overlappable\" class=\"h-section h-section-global-spacing d-flex align-items-lg-center align-items-md-center align-items-center style-2101 style-local-3966-c2 position-relative\">\r\n    <!---->\r\n    <!---->\r\n    <div class=\"h-section-grid-container h-section-boxed-container\">\r\n      <!---->\r\n      <div data-colibri-id=\"3966-c3\" class=\"h-row-container gutters-row-lg-0 gutters-row-md-0 gutters-row-0 gutters-row-v-lg-0 gutters-row-v-md-0 gutters-row-v-0 style-2102 style-local-3966-c3 position-relative\">\r\n        <!---->\r\n        <div class=\"h-row justify-content-lg-center justify-content-md-center justify-content-center align-items-lg-stretch align-items-md-stretch align-items-stretch gutters-col-lg-0 gutters-col-md-0 gutters-col-0 gutters-col-v-lg-0 gutters-col-v-md-0 gutters-col-v-0\">\r\n          <!---->\r\n          <div class=\"h-column h-column-container d-flex h-col-lg-auto h-col-md-auto h-col-auto style-2103-outer style-local-3966-c4-outer\">\r\n            <div data-colibri-id=\"3966-c4\" class=\"d-flex h-flex-basis h-column__inner h-ui-empty-state-container h-px-lg-0 h-px-md-0 h-px-0 v-inner-lg-0 v-inner-md-0 v-inner-0 style-2103 style-local-3966-c4 position-relative\">\r\n              <!---->\r\n              <!---->\r\n              <div class=\"w-100 h-y-container h-column__content h-column__v-align flex-basis-100\">\r\n                <!---->\r\n              <\/div>\r\n            <\/div>\r\n          <\/div>\r\n          <div class=\"h-column h-column-container d-flex h-col-lg-auto h-col-md-auto h-col-auto style-2104-outer style-local-3966-c5-outer\">\r\n            <div data-colibri-id=\"3966-c5\" class=\"d-flex h-flex-basis h-column__inner h-px-lg-2 h-px-md-2 h-px-2 v-inner-lg-2 v-inner-md-2 v-inner-2 style-2104 style-local-3966-c5 position-relative\">\r\n              <!---->\r\n              <!---->\r\n              <div class=\"w-100 h-y-container h-column__content h-column__v-align flex-basis-100 align-self-lg-center align-self-md-center align-self-center\">\r\n                <!---->\r\n                <div data-colibri-id=\"3966-c6\" class=\"h-global-transition-all h-heading style-2105 style-local-3966-c6 position-relative h-element\">\r\n                  <!---->\r\n                  <div class=\"h-heading__outer style-2105 style-local-3966-c6\">\r\n                    <!---->\r\n                    <!---->\r\n                    <h4 class=\"\">Walk: \u201cThe Secret Marais: From the Stake to Place des Vosges\u201d<\/h4>\r\n                  <\/div>\r\n                <\/div>\r\n                <div data-colibri-id=\"3966-c7\" class=\"h-text h-text-component style-2106 style-local-3966-c7 position-relative h-element\">\r\n                  <!---->\r\n                  <!---->\r\n                  <div class=\"\">\r\n                    <p>What if behind the perfect fa\u00e7ades of the Marais hid stakes, severed heads, stolen royal hearts, murdered lovers, and legends never told on a typical tour? From the Saint-Jacques Tower to Place des Vosges, passing by H\u00f4tel de Ville,\r\n                      medieval alleyways, Village Saint-Paul, and private mansions, this walking tour takes you through fifteen centuries of history, crimes, and ghosts in the heart of Paris.<\/p>\r\n                    <p>Why was H\u00f4tel de Ville Square once called \u201cPlace de Gr\u00e8ve,\u201d and what was the guillotine really used for when it was installed there in 1792? What happened at Saint-Gervais Church during the St. Bartholomew\u2019s Day massacre? Where does\r\n                      the expression \u201cfaire gr\u00e8ve\u201d originally come from, when it had nothing to do with protests? The audio guide immerses you in a Paris of sand, hangings, and great fears, hidden beneath today\u2019s pristine stones.<\/p>\r\n                  <\/div>\r\n                <\/div>\r\n              <\/div>\r\n            <\/div>\r\n          <\/div>\r\n          <div class=\"h-column h-column-container d-flex h-col-lg-auto h-col-md-auto h-col-auto style-2104-outer style-local-3966-c10-outer\">\r\n            <div data-colibri-id=\"3966-c10\" class=\"d-flex h-flex-basis h-column__inner h-px-lg-2 h-px-md-2 h-px-2 v-inner-lg-2 v-inner-md-2 v-inner-2 style-2104 style-local-3966-c10 position-relative\">\r\n              <!---->\r\n              <!---->\r\n              <div class=\"w-100 h-y-container h-column__content h-column__v-align flex-basis-100 align-self-lg-center align-self-md-center align-self-center\">\r\n                <!---->\r\n                <div data-colibri-id=\"3966-c12\" class=\"h-text h-text-component style-2106 style-local-3966-c12 position-relative h-element\">\r\n                  <!---->\r\n                  <!---->\r\n                  <div class=\"\">\r\n                    <p>Further along, in Rue Fran\u00e7ois-Miron and Rue des Barres, the half-timbered houses and quiet courtyards become the settings for much darker stories: a queen\u2019s lover found in a sack at the bottom of the Seine, ancient bones under the\r\n                      paving stones, a medieval village reconstructed almost stone by stone. In the H\u00f4tel d\u2019Ourscamp, Cistercian monks stored their harvests\u2026 and legend has it that a bear requisitioned by Saint \u00c9loi had to finish the work of an ox killed\r\n                      by its own plow.<\/p>\r\n                    <p>Village Saint-Paul looks like a peaceful idyll; yet beneath your feet, the old Saint-\u00c9loi cemetery still allegedly holds the graves of Fran\u00e7ois Rabelais and the mysterious Man in the Iron Mask. At Saint-Paul-Saint-Louis Church, you\u2019ll\r\n                      uncover the utterly bizarre story of the hearts of Louis XIII and Louis XIV, stolen during the Revolution and then reduced\u2026 into purple pigment by an overly inventive dyer. A few streets away, a cannonball embedded in the H\u00f4tel de\r\n                      Sens fa\u00e7ade reminds visitors that even the walls have kept the memory of revolutions.<\/p>\r\n                    <p>The tour ends at Place des Vosges: under the perfect arcades, you\u2019ll learn about the absurd accident that killed Henry II, Catherine de M\u00e9dicis\u2019 revenge which razed the old palace, its history as a horse market, and the creation of\r\n                      Paris\u2019 first royal square\u2026 where no king ever truly lived. Behind the chic fa\u00e7ades, Victor Hugo, duels, literary salons, lovers on the lawns, and bloody episodes paint a much more complex picture than the postcard suggests.<\/p>\r\n                  <\/div>\r\n                <\/div>\r\n              <\/div>\r\n            <\/div>\r\n          <\/div>\r\n          <div class=\"h-column h-column-container d-flex h-col-lg-auto h-col-md-auto h-col-auto style-2109-outer style-local-3966-c15-outer\">\r\n            <div data-colibri-id=\"3966-c15\" class=\"d-flex h-flex-basis h-column__inner h-ui-empty-state-container h-px-lg-0 h-px-md-0 h-px-0 v-inner-lg-0 v-inner-md-0 v-inner-0 style-2109 style-local-3966-c15 position-relative\">\r\n              <!---->\r\n              <!---->\r\n              <div class=\"w-100 h-y-container h-column__content h-column__v-align flex-basis-100\">\r\n                <!---->\r\n              <\/div>\r\n            <\/div>\r\n          <\/div>\r\n        <\/div>\r\n      <\/div>\r\n      <div data-colibri-id=\"3966-c16\" class=\"h-row-container gutters-row-lg-2 gutters-row-md-2 gutters-row-0 gutters-row-v-lg-2 gutters-row-v-md-2 gutters-row-v-2 style-2110 style-local-3966-c16 position-relative\">\r\n        <!---->\r\n        <div class=\"h-row justify-content-lg-center justify-content-md-center justify-content-center align-items-lg-stretch align-items-md-stretch align-items-stretch gutters-col-lg-2 gutters-col-md-2 gutters-col-0 gutters-col-v-lg-2 gutters-col-v-md-2 gutters-col-v-2\">\r\n          <!---->\r\n          <div class=\"h-column h-column-container d-flex h-col-lg-auto h-col-md-auto h-col-auto style-2111-outer style-local-3966-c17-outer\">\r\n            <div data-colibri-id=\"3966-c17\" class=\"d-flex h-flex-basis h-column__inner h-px-lg-2 h-px-md-2 h-px-2 v-inner-lg-2 v-inner-md-2 v-inner-2 style-2111 style-local-3966-c17 position-relative\">\r\n              <!---->\r\n              <!---->\r\n              <div class=\"w-100 h-y-container h-column__content h-column__v-align flex-basis-100 align-self-lg-start align-self-md-start align-self-start\">\r\n                <!---->\r\n                <div data-colibri-id=\"3966-c18\" class=\"h-global-transition-all h-heading style-2112 style-local-3966-c18 position-relative h-element\">\r\n                  <!---->\r\n                  <div class=\"h-heading__outer style-2112 style-local-3966-c18\">\r\n                    <!---->\r\n                    <!---->\r\n                    <h3 class=\"\">During this visit, you will:<\/h3>\r\n                  <\/div>\r\n                <\/div>\r\n              <\/div>\r\n            <\/div>\r\n          <\/div>\r\n        <\/div>\r\n      <\/div>\r\n      <div data-colibri-id=\"3966-c19\" class=\"h-row-container gutters-row-lg-2 gutters-row-md-2 gutters-row-0 gutters-row-v-lg-2 gutters-row-v-md-2 gutters-row-v-2 style-2113 style-local-3966-c19 position-relative\">\r\n        <!---->\r\n        <div class=\"h-row justify-content-lg-center justify-content-md-center justify-content-center align-items-lg-stretch align-items-md-stretch align-items-stretch gutters-col-lg-2 gutters-col-md-2 gutters-col-0 gutters-col-v-lg-2 gutters-col-v-md-2 gutters-col-v-2\">\r\n          <!---->\r\n          <div class=\"h-column h-column-container d-flex h-col-lg-auto h-col-md-auto h-col-auto style-2114-outer style-local-3966-c20-outer\">\r\n            <div data-colibri-id=\"3966-c20\" class=\"d-flex h-flex-basis h-column__inner h-px-lg-2 h-px-md-2 h-px-2 v-inner-lg-2 v-inner-md-2 v-inner-2 style-2114 style-local-3966-c20 position-relative\">\r\n              <!---->\r\n              <!---->\r\n              <div class=\"w-100 h-y-container h-column__content h-column__v-align flex-basis-100 align-self-lg-start align-self-md-start align-self-start\">\r\n                <!---->\r\n                <div data-colibri-id=\"3966-c21\" class=\"h-text h-text-component style-2115 style-local-3966-c21 position-relative h-element\">\r\n                  <!---->\r\n                  <!---->\r\n                  <div class=\"\">\r\n                    <ul>\r\n                      <li>explore the historic Marais on foot, from Saint-Jacques Tower to Place des Vosges, passing by H\u00f4tel de Ville, Saint-Gervais, Fran\u00e7ois-Miron, Village Saint-Paul, H\u00f4tel de Sens, and Saint-Paul-Saint-Louis;\r\n                        <br>\r\n                        <br>\r\n                      <\/li>\r\n                      <li>discover powerful stories: guillotine at Place de Gr\u00e8ve, St. Bartholomew\u2019s massacre, queen\u2019s lover drowned in the Seine, royal hearts reduced to dye, 1830 cannonball, ghosts of a forgotten cemetery;\r\n                        <br>\r\n                        <br>\r\n                      <\/li>\r\n                      <li>learn to spot details you would never notice: hidden medieval houses, Philippe Auguste\u2019s city walls, discreet passages, traces of necropolises, inscriptions, and scars in the stone;\r\n                        <br>\r\n                        <br>\r\n                      <\/li>\r\n                      <li>enjoy stunning photo spots: Saint-Jacques Tower, H\u00f4tel de Ville square, cobbled streets, half-timbered houses, Village Saint-Paul courtyards, H\u00f4tel de Sully, Place des Vosges.\r\n                        <br>\r\n                        <br>\r\n                      <\/li>\r\n                    <\/ul>\r\n                    <p>More than a pretty stroll, it\u2019s an open-air historical thriller through the Marais: every stop is a revelation, every corner adds a chapter.<\/p>\r\n                    <p><span style=\"font-weight: 400;\">Download the Audio Guide Paris app for free and unlock the full \u201cSecret Marais\u201d walking tour \u2014 perfect for discovering this iconic neighborhood while enjoying stories that other passersby will never hear.<\/span><\/p>\r\n                  <\/div>\r\n                <\/div>\r\n              <\/div>\r\n            <\/div>\r\n          <\/div>\r\n        <\/div>\r\n      <\/div>\r\n      <div data-colibri-id=\"3966-c22\" class=\"h-row-container gutters-row-lg-2 gutters-row-md-2 gutters-row-0 gutters-row-v-lg-2 gutters-row-v-md-2 gutters-row-v-2 style-2116 style-local-3966-c22 position-relative\">\r\n        <!---->\r\n        <div class=\"h-row justify-content-lg-center justify-content-md-center justify-content-center align-items-lg-stretch align-items-md-stretch align-items-stretch gutters-col-lg-2 gutters-col-md-2 gutters-col-0 gutters-col-v-lg-2 gutters-col-v-md-2 gutters-col-v-2\">\r\n          <!---->\r\n          <div class=\"h-column h-column-container d-flex h-col-lg-auto h-col-md-auto h-col-auto style-2117-outer style-local-3966-c23-outer\">\r\n            <div data-colibri-id=\"3966-c23\" class=\"d-flex h-flex-basis h-column__inner h-px-lg-2 h-px-md-2 h-px-2 v-inner-lg-2 v-inner-md-2 v-inner-2 style-2117 style-local-3966-c23 position-relative\">\r\n              <!---->\r\n              <!---->\r\n              <div class=\"w-100 h-y-container h-column__content h-column__v-align flex-basis-100 align-self-lg-start align-self-md-start align-self-start\">\r\n                <!---->\r\n                <div data-colibri-id=\"3966-c25\" class=\"h-x-container style-2119 style-local-3966-c25 position-relative h-element\">\r\n                  <!---->\r\n                  <div class=\"h-x-container-inner style-dynamic-3966-c25-group style-2119-spacing style-local-3966-c25-spacing\"><span class=\"h-button__outer style-2120-outer style-local-3966-c26-outer d-inline-flex h-element\"><a h-use-smooth-scroll=\"true\" href=\"https:\/\/apps.apple.com\/gr\/app\/audio-guide-paris\/id6471984315\" target=\"_blank\"  data-colibri-id=\"3966-c26\" class=\"d-flex w-100 align-items-center h-button justify-content-lg-center justify-content-md-center justify-content-center style-2120 style-local-3966-c26 position-relative\"><!----><!----> <span>apple store<\/span><\/a>\r\n                    <\/span>\r\n                  <\/div>\r\n                <\/div>\r\n              <\/div>\r\n            <\/div>\r\n          <\/div>\r\n          <div class=\"h-column h-column-container d-flex h-col-lg-auto h-col-md-auto h-col-auto style-2118-outer style-local-3966-c24-outer\">\r\n            <div data-colibri-id=\"3966-c24\" class=\"d-flex h-flex-basis h-column__inner h-px-lg-2 h-px-md-2 h-px-2 v-inner-lg-2 v-inner-md-2 v-inner-2 style-2118 style-local-3966-c24 position-relative\">\r\n              <!---->\r\n              <!---->\r\n              <div class=\"w-100 h-y-container h-column__content h-column__v-align flex-basis-100 align-self-lg-start align-self-md-start align-self-start\">\r\n                <!---->\r\n                <div data-colibri-id=\"3966-c27\" class=\"h-x-container style-2121 style-local-3966-c27 position-relative h-element\">\r\n                  <!---->\r\n                  <div class=\"h-x-container-inner style-dynamic-3966-c27-group style-2121-spacing style-local-3966-c27-spacing\"><span class=\"h-button__outer style-2122-outer style-local-3966-c28-outer d-inline-flex h-element\"><a h-use-smooth-scroll=\"true\" href=\"https:\/\/play.google.com\/store\/apps\/details?id=com.audioguides_paris\" target=\"_blank\"  data-colibri-id=\"3966-c28\" class=\"d-flex w-100 align-items-center h-button justify-content-lg-center justify-content-md-center justify-content-center style-2122 style-local-3966-c28 position-relative\"><!----><!----> <span>google play<\/span><\/a>\r\n                    <\/span>\r\n                  <\/div>\r\n                <\/div>\r\n              <\/div>\r\n            <\/div>\r\n          <\/div>\r\n        <\/div>\r\n      <\/div>\r\n    <\/div>\r\n  <\/div>\r\n<\/div>","protected":false},"excerpt":{"rendered":"<p>Walk: \u201cThe Secret Marais: From the Stake to Place des Vosges\u201d What if behind the perfect fa\u00e7ades of the Marais hid stakes, severed heads, stolen royal hearts, murdered lovers, and legends never told on a typical tour? From the Saint-Jacques Tower to Place des Vosges, passing by H\u00f4tel de Ville, medieval alleyways, Village Saint-Paul, and [&hellip;]<\/p>\n","protected":false},"author":1,"featured_media":0,"parent":0,"menu_order":0,"comment_status":"closed","ping_status":"closed","template":"page-templates\/full-width-page.php","meta":{"footnotes":""},"class_list":["post-3966","page","type-page","status-publish","hentry"],"yoast_head":"<!-- This site is optimized with the Yoast SEO plugin v26.6 - https:\/\/yoast.com\/wordpress\/plugins\/seo\/ -->\n<title>The Marais - Audio Guide Paris<\/title>\n<meta name=\"description\" content=\"Explore the Secret Marais on a walking tour in Paris, from Saint-Jacques Tower to Place des Vosges. Discover crimes, ghosts, medieval streets, private mansions and hidden stories in the historic heart of the city.\" \/>\n<meta name=\"robots\" content=\"index, follow, max-snippet:-1, max-image-preview:large, max-video-preview:-1\" \/>\n<link rel=\"canonical\" href=\"https:\/\/audioguide-paris.com\/index.php\/en\/the-marais-2\/\" \/>\n<meta property=\"og:locale\" content=\"fr_FR\" \/>\n<meta property=\"og:type\" content=\"article\" \/>\n<meta property=\"og:title\" content=\"The Marais - Audio Guide Paris\" \/>\n<meta property=\"og:description\" content=\"Explore the Secret Marais on a walking tour in Paris, from Saint-Jacques Tower to Place des Vosges. Discover crimes, ghosts, medieval streets, private mansions and hidden stories in the historic heart of the city.\" \/>\n<meta property=\"og:url\" content=\"https:\/\/audioguide-paris.com\/index.php\/en\/the-marais-2\/\" \/>\n<meta property=\"og:site_name\" content=\"Audio Guide Paris\" \/>\n<meta property=\"article:publisher\" content=\"https:\/\/www.facebook.com\/profile.php?id=61558434027122\" \/>\n<meta property=\"article:modified_time\" content=\"2026-04-03T08:31:01+00:00\" \/>\n<meta name=\"twitter:card\" content=\"summary_large_image\" \/>\n<meta name=\"twitter:label1\" content=\"Dur\u00e9e de lecture estim\u00e9e\" \/>\n\t<meta name=\"twitter:data1\" content=\"3 minutes\" \/>\n<script type=\"application\/ld+json\" class=\"yoast-schema-graph\">{\"@context\":\"https:\/\/schema.org\",\"@graph\":[{\"@type\":\"WebPage\",\"@id\":\"https:\/\/audioguide-paris.com\/index.php\/en\/the-marais-2\/\",\"url\":\"https:\/\/audioguide-paris.com\/index.php\/en\/the-marais-2\/\",\"name\":\"The Marais - Audio Guide Paris\",\"isPartOf\":{\"@id\":\"https:\/\/audioguide-paris.com\/#website\"},\"datePublished\":\"2025-12-16T13:05:17+00:00\",\"dateModified\":\"2026-04-03T08:31:01+00:00\",\"description\":\"Explore the Secret Marais on a walking tour in Paris, from Saint-Jacques Tower to Place des Vosges. Discover crimes, ghosts, medieval streets, private mansions and hidden stories in the historic heart of the city.\",\"breadcrumb\":{\"@id\":\"https:\/\/audioguide-paris.com\/index.php\/en\/the-marais-2\/#breadcrumb\"},\"inLanguage\":\"fr-FR\",\"potentialAction\":[{\"@type\":\"ReadAction\",\"target\":[\"https:\/\/audioguide-paris.com\/index.php\/en\/the-marais-2\/\"]}]},{\"@type\":\"BreadcrumbList\",\"@id\":\"https:\/\/audioguide-paris.com\/index.php\/en\/the-marais-2\/#breadcrumb\",\"itemListElement\":[{\"@type\":\"ListItem\",\"position\":1,\"name\":\"Accueil\",\"item\":\"https:\/\/audioguide-paris.com\/\"},{\"@type\":\"ListItem\",\"position\":2,\"name\":\"The Marais\"}]},{\"@type\":\"WebSite\",\"@id\":\"https:\/\/audioguide-paris.com\/#website\",\"url\":\"https:\/\/audioguide-paris.com\/\",\"name\":\"Audio Guide Paris\",\"description\":\"D\u00e9couvrez les tr\u00e9sors de Paris en compagnie d\u2019un expert\",\"publisher\":{\"@id\":\"https:\/\/audioguide-paris.com\/#organization\"},\"potentialAction\":[{\"@type\":\"SearchAction\",\"target\":{\"@type\":\"EntryPoint\",\"urlTemplate\":\"https:\/\/audioguide-paris.com\/?s={search_term_string}\"},\"query-input\":{\"@type\":\"PropertyValueSpecification\",\"valueRequired\":true,\"valueName\":\"search_term_string\"}}],\"inLanguage\":\"fr-FR\"},{\"@type\":\"Organization\",\"@id\":\"https:\/\/audioguide-paris.com\/#organization\",\"name\":\"Audio Guide Paris\",\"url\":\"https:\/\/audioguide-paris.com\/\",\"logo\":{\"@type\":\"ImageObject\",\"inLanguage\":\"fr-FR\",\"@id\":\"https:\/\/audioguide-paris.com\/#\/schema\/logo\/image\/\",\"url\":\"https:\/\/audioguide-paris.com\/wp-content\/uploads\/2024\/04\/cropped-cropped-Logo-transparent.png\",\"contentUrl\":\"https:\/\/audioguide-paris.com\/wp-content\/uploads\/2024\/04\/cropped-cropped-Logo-transparent.png\",\"width\":898,\"height\":898,\"caption\":\"Audio Guide Paris\"},\"image\":{\"@id\":\"https:\/\/audioguide-paris.com\/#\/schema\/logo\/image\/\"},\"sameAs\":[\"https:\/\/www.facebook.com\/profile.php?id=61558434027122\",\"https:\/\/www.instagram.com\/audioguideparis\/\"]}]}<\/script>\n<!-- \/ Yoast SEO plugin. -->","yoast_head_json":{"title":"The Marais - Audio Guide Paris","description":"Explore the Secret Marais on a walking tour in Paris, from Saint-Jacques Tower to Place des Vosges. Discover crimes, ghosts, medieval streets, private mansions and hidden stories in the historic heart of the city.","robots":{"index":"index","follow":"follow","max-snippet":"max-snippet:-1","max-image-preview":"max-image-preview:large","max-video-preview":"max-video-preview:-1"},"canonical":"https:\/\/audioguide-paris.com\/index.php\/en\/the-marais-2\/","og_locale":"fr_FR","og_type":"article","og_title":"The Marais - Audio Guide Paris","og_description":"Explore the Secret Marais on a walking tour in Paris, from Saint-Jacques Tower to Place des Vosges. Discover crimes, ghosts, medieval streets, private mansions and hidden stories in the historic heart of the city.","og_url":"https:\/\/audioguide-paris.com\/index.php\/en\/the-marais-2\/","og_site_name":"Audio Guide Paris","article_publisher":"https:\/\/www.facebook.com\/profile.php?id=61558434027122","article_modified_time":"2026-04-03T08:31:01+00:00","twitter_card":"summary_large_image","twitter_misc":{"Dur\u00e9e de lecture estim\u00e9e":"3 minutes"},"schema":{"@context":"https:\/\/schema.org","@graph":[{"@type":"WebPage","@id":"https:\/\/audioguide-paris.com\/index.php\/en\/the-marais-2\/","url":"https:\/\/audioguide-paris.com\/index.php\/en\/the-marais-2\/","name":"The Marais - Audio Guide Paris","isPartOf":{"@id":"https:\/\/audioguide-paris.com\/#website"},"datePublished":"2025-12-16T13:05:17+00:00","dateModified":"2026-04-03T08:31:01+00:00","description":"Explore the Secret Marais on a walking tour in Paris, from Saint-Jacques Tower to Place des Vosges. Discover crimes, ghosts, medieval streets, private mansions and hidden stories in the historic heart of the city.","breadcrumb":{"@id":"https:\/\/audioguide-paris.com\/index.php\/en\/the-marais-2\/#breadcrumb"},"inLanguage":"fr-FR","potentialAction":[{"@type":"ReadAction","target":["https:\/\/audioguide-paris.com\/index.php\/en\/the-marais-2\/"]}]},{"@type":"BreadcrumbList","@id":"https:\/\/audioguide-paris.com\/index.php\/en\/the-marais-2\/#breadcrumb","itemListElement":[{"@type":"ListItem","position":1,"name":"Accueil","item":"https:\/\/audioguide-paris.com\/"},{"@type":"ListItem","position":2,"name":"The Marais"}]},{"@type":"WebSite","@id":"https:\/\/audioguide-paris.com\/#website","url":"https:\/\/audioguide-paris.com\/","name":"Audio Guide Paris","description":"D\u00e9couvrez les tr\u00e9sors de Paris en compagnie d\u2019un expert","publisher":{"@id":"https:\/\/audioguide-paris.com\/#organization"},"potentialAction":[{"@type":"SearchAction","target":{"@type":"EntryPoint","urlTemplate":"https:\/\/audioguide-paris.com\/?s={search_term_string}"},"query-input":{"@type":"PropertyValueSpecification","valueRequired":true,"valueName":"search_term_string"}}],"inLanguage":"fr-FR"},{"@type":"Organization","@id":"https:\/\/audioguide-paris.com\/#organization","name":"Audio Guide Paris","url":"https:\/\/audioguide-paris.com\/","logo":{"@type":"ImageObject","inLanguage":"fr-FR","@id":"https:\/\/audioguide-paris.com\/#\/schema\/logo\/image\/","url":"https:\/\/audioguide-paris.com\/wp-content\/uploads\/2024\/04\/cropped-cropped-Logo-transparent.png","contentUrl":"https:\/\/audioguide-paris.com\/wp-content\/uploads\/2024\/04\/cropped-cropped-Logo-transparent.png","width":898,"height":898,"caption":"Audio Guide Paris"},"image":{"@id":"https:\/\/audioguide-paris.com\/#\/schema\/logo\/image\/"},"sameAs":["https:\/\/www.facebook.com\/profile.php?id=61558434027122","https:\/\/www.instagram.com\/audioguideparis\/"]}]}},"_links":{"self":[{"href":"https:\/\/audioguide-paris.com\/index.php\/wp-json\/wp\/v2\/pages\/3966","targetHints":{"allow":["GET"]}}],"collection":[{"href":"https:\/\/audioguide-paris.com\/index.php\/wp-json\/wp\/v2\/pages"}],"about":[{"href":"https:\/\/audioguide-paris.com\/index.php\/wp-json\/wp\/v2\/types\/page"}],"author":[{"embeddable":true,"href":"https:\/\/audioguide-paris.com\/index.php\/wp-json\/wp\/v2\/users\/1"}],"replies":[{"embeddable":true,"href":"https:\/\/audioguide-paris.com\/index.php\/wp-json\/wp\/v2\/comments?post=3966"}],"version-history":[{"count":2,"href":"https:\/\/audioguide-paris.com\/index.php\/wp-json\/wp\/v2\/pages\/3966\/revisions"}],"predecessor-version":[{"id":3970,"href":"https:\/\/audioguide-paris.com\/index.php\/wp-json\/wp\/v2\/pages\/3966\/revisions\/3970"}],"wp:attachment":[{"href":"https:\/\/audioguide-paris.com\/index.php\/wp-json\/wp\/v2\/media?parent=3966"}],"curies":[{"name":"wp","href":"https:\/\/api.w.org\/{rel}","templated":true}]}}